000
CDUS45 KCYS 020727
CLICYS

CLIMATE REPORT
NATIONAL WEATHER SERVICE CHEYENNE WY
127 AM MDT SUN OCT 02 2022

...................................

...THE CHEYENNE WYOMING AIRPORT CLIMATE SUMMARY FOR OCTOBER 1 2022...

CLIMATE NORMAL PERIOD 1991 TO 2020
CLIMATE RECORD PERIOD 1871 TO 2022


WEATHER ITEM   OBSERVED TIME   RECORD YEAR NORMAL DEPARTURE LAST
                VALUE   (LST)  VALUE       VALUE  FROM      YEAR
                                                  NORMAL
...................................................................
TEMPERATURE (F)
 YESTERDAY
  MAXIMUM         66   1241 PM  84    2011  66      0       65
  MINIMUM         45   1159 PM  23    1876  40      5       36
                                      1985
  AVERAGE         56                        53      3       51

PRECIPITATION (IN)
  YESTERDAY        0.01          0.51 1927   0.04  -0.03     0.00
  MONTH TO DATE    0.01                      0.04  -0.03     0.00
  SINCE SEP 1      1.13                      1.51  -0.38     0.28
  SINCE JAN 1      8.23                     13.36  -5.13    12.81

SNOWFALL (IN)
  YESTERDAY        0.0           3.3  1959   0.1   -0.1      0.0
  MONTH TO DATE    0.0                       0.1   -0.1      0.0
  SINCE SEP 1      0.0                       1.1   -1.1      0.0
  SINCE JUL 1      0.0                       1.1   -1.1      0.0
  SNOW DEPTH       0

DEGREE DAYS
 HEATING
  YESTERDAY        9                        12     -3       14
  MONTH TO DATE    9                        12     -3       14
  SINCE SEP 1    125                       208    -83      116
  SINCE JUL 1    126                       258   -132      125

 COOLING
  YESTERDAY        0                         0      0        0
  MONTH TO DATE    0                         0      0        0
  SINCE SEP 1     92                        32     60       66
  SINCE JAN 1    701                       397    304      603
...................................................................


WIND (MPH)
  HIGHEST WIND SPEED    16   HIGHEST WIND DIRECTION    SE (130)
  HIGHEST GUST SPEED    20   HIGHEST GUST DIRECTION    SE (140)
  AVERAGE WIND SPEED     6.0


SKY COVER
  POSSIBLE SUNSHINE  MM
  AVERAGE SKY COVER 0.5


WEATHER CONDITIONS
THE FOLLOWING WEATHER WAS RECORDED YESTERDAY.
  THUNDERSTORM
  LIGHT RAIN


RELATIVE HUMIDITY (PERCENT)
 HIGHEST    89          1200 AM
 LOWEST     50           200 PM
 AVERAGE    70

..........................................................


THE CHEYENNE WYOMING AIRPORT CLIMATE NORMALS FOR TODAY
                         NORMAL    RECORD    YEAR
 MAXIMUM TEMPERATURE (F)   65        82      1992
                                             2011
 MINIMUM TEMPERATURE (F)   39        25      1959


SUNRISE AND SUNSET
OCTOBER  2 2022.......SUNRISE   657 AM MDT   SUNSET   639 PM MDT
OCTOBER  3 2022.......SUNRISE   658 AM MDT   SUNSET   638 PM MDT


-  INDICATES NEGATIVE NUMBERS.
R  INDICATES RECORD WAS SET OR TIED.
MM INDICATES DATA IS MISSING.
T  INDICATES TRACE AMOUNT.




$$
