000
CDUS43 KUNR 290838
CLID07

CLIMATE REPORT
NATIONAL WEATHER SERVICE RAPID CITY SD
238 AM MDT THU SEP 29 2022

...................................

...THE FAITH SD CLIMATE SUMMARY FOR SEPTEMBER 28 2022...

CLIMATE NORMAL PERIOD 1991 TO 2020
CLIMATE RECORD PERIOD 9999 TO 9999


WEATHER ITEM   OBSERVED TIME   NORMAL DEPARTURE LAST
                VALUE   (LST)  VALUE  FROM      YEAR
                                      NORMAL
.......................................................
TEMPERATURE (F)
 YESTERDAY
  MAXIMUM         85    326 PM  69     16       95
  MINIMUM         47    612 AM  43      4       57
  AVERAGE         66            56     10       76

PRECIPITATION (IN)
  YESTERDAY        0.00          0.05  -0.05     0.00
  MONTH TO DATE    0.76          1.10  -0.34     0.31
  SINCE SEP 1      0.76          1.10  -0.34     0.31
  SINCE JAN 1     10.28         13.89  -3.61     7.90

DEGREE DAYS
 HEATING
  YESTERDAY        0            10    -10        0
  MONTH TO DATE   77           145    -68       50
  SINCE SEP 1     77           145    -68       50
  SINCE JUL 1     77           175    -98       61

 COOLING
  YESTERDAY        1             1      0       11
  MONTH TO DATE  103            72     31       74
  SINCE SEP 1    103            72     31       74
  SINCE JAN 1    865           652    213      894
.......................................................


WIND (MPH)
  HIGHEST WIND SPEED    31   HIGHEST WIND DIRECTION     S (170)
  HIGHEST GUST SPEED    41   HIGHEST GUST DIRECTION    SE (150)
  AVERAGE WIND SPEED    20.7


RELATIVE HUMIDITY (PERCENT)
 HIGHEST    68           600 AM
 LOWEST     25           200 PM
 AVERAGE    47

..........................................................



SUNRISE AND SUNSET
SEPTEMBER 29 2022.....SUNRISE   644 AM MDT   SUNSET   632 PM MDT
SEPTEMBER 30 2022.....SUNRISE   645 AM MDT   SUNSET   630 PM MDT


-  INDICATES NEGATIVE NUMBERS.
R  INDICATES RECORD WAS SET OR TIED.
MM INDICATES DATA IS MISSING.
T  INDICATES TRACE AMOUNT.




$$
