000
CDUS42 KMLB 052018
CLIDAB

CLIMATE REPORT
NATIONAL WEATHER SERVICE MELBOURNE FL
418 PM EDT WED OCT 05 2022

...................................

...THE DAYTONA BEACH CLIMATE SUMMARY FOR OCTOBER 5 2022...
VALID TODAY AS OF 0400 PM LOCAL TIME.

CLIMATE NORMAL PERIOD 1991 TO 2020
CLIMATE RECORD PERIOD 1923 TO 2022


WEATHER ITEM   OBSERVED TIME   RECORD YEAR NORMAL DEPARTURE LAST
                VALUE   (LST)  VALUE       VALUE  FROM      YEAR
                                                  NORMAL
...................................................................
TEMPERATURE (F)
 TODAY
  MAXIMUM         80   1122 AM  93    1925  85     -5       87
                                      1986
  MINIMUM         61    527 AM  57    2014  70     -9       72
  AVERAGE         71                        77     -6       80

PRECIPITATION (IN)
  TODAY            0.00          2.12 2005   0.21  -0.21     0.02
  MONTH TO DATE    T                         1.09  -1.09     0.21
  SINCE SEP 1     19.12                      8.24  10.88     3.55
  SINCE JAN 1     47.92                     42.39   5.53    34.38

SNOWFALL (IN)
  TODAY            0.0
  MONTH TO DATE    0.0
  SINCE JUL 1      0.0

DEGREE DAYS
 HEATING
  TODAY            0                         0      0        0
  MONTH TO DATE    0                         0      0        0
  SINCE SEP 1      0                         0      0        0
  SINCE JUL 1      0                         0      0        0

 COOLING
  TODAY            6                        12     -6       15
  MONTH TO DATE   40                        64    -24       73
  SINCE SEP 1    515                       517     -2      544
  SINCE JAN 1   3091                      2691    400     2896
...................................................................


WIND (MPH)
  HIGHEST WIND SPEED    13   HIGHEST WIND DIRECTION    NE (60)
  HIGHEST GUST SPEED    16   HIGHEST GUST DIRECTION     E (70)
  AVERAGE WIND SPEED     4.7


SKY COVER
  AVERAGE SKY COVER 0.2


WEATHER CONDITIONS
THE FOLLOWING WEATHER WAS RECORDED TODAY.
  NO SIGNIFICANT WEATHER WAS OBSERVED.


RELATIVE HUMIDITY (PERCENT)
 HIGHEST    93           500 AM
 LOWEST     45          1100 AM
 AVERAGE    69

..........................................................


THE DAYTONA BEACH CLIMATE NORMALS FOR TOMORROW
                         NORMAL    RECORD    YEAR
 MAXIMUM TEMPERATURE (F)   84        95      1934
 MINIMUM TEMPERATURE (F)   70        56      2014


SUNRISE AND SUNSET
OCTOBER  5 2022.......SUNRISE   720 AM EDT   SUNSET   705 PM EDT
OCTOBER  6 2022.......SUNRISE   720 AM EDT   SUNSET   704 PM EDT


-  INDICATES NEGATIVE NUMBERS.
R  INDICATES RECORD WAS SET OR TIED.
MM INDICATES DATA IS MISSING.
T  INDICATES TRACE AMOUNT.




$$
