000
CDUS45 KVEF 290821
CLIDAG

CLIMATE REPORT
NATIONAL WEATHER SERVICE LAS VEGAS, NV
121 AM PDT THU SEP 29 2022

...................................

...THE BARSTOW-DAGGETT CA CLIMATE SUMMARY FOR SEPTEMBER 28 2022...

CLIMATE NORMAL PERIOD: 1991 TO 2020
CLIMATE RECORD PERIOD: 1943 TO 2022


WEATHER ITEM   OBSERVED TIME   RECORD YEAR NORMAL DEPARTURE LAST
                VALUE   (LST)  VALUE       VALUE  FROM      YEAR
                                                  NORMAL
...................................................................
TEMPERATURE (F)
 YESTERDAY
  MAXIMUM        101  12:40 PM 103    2003  91     10       86
                                      2010
  MINIMUM         74   5:54 AM  49    1948  62     12       62
  AVERAGE         88                        76     12       74

PRECIPITATION (IN)
  YESTERDAY        T             0.18 1951   0.00   0.00     0.00
  MONTH TO DATE    0.01                      0.16  -0.15      T
  SINCE OCT 1      1.78                      3.76  -1.98     0.84
  SINCE JAN 1      0.77                      2.64  -1.87     0.67

DEGREE DAYS
 HEATING
  YESTERDAY        0                         0      0        0
  MONTH TO DATE    0                         0      0        0
  SINCE SEP 1      0                         0      0        0
  SINCE JUL 1      0                         0      0        0

 COOLING
  YESTERDAY       23                        12     11        9
  MONTH TO DATE  562                       466     96      557
  SINCE SEP 1    562                       466     96      557
  SINCE JAN 1   3280                      2936    344     3457
...................................................................


WIND (MPH)
  RESULTANT WIND SPEED   5   RESULTANT WIND DIRECTION  SW (220)
  HIGHEST WIND SPEED    28   HIGHEST WIND DIRECTION     E (110)
  HIGHEST GUST SPEED    36   HIGHEST GUST DIRECTION     E (110)
  AVERAGE WIND SPEED    10.8


SKY COVER
  AVERAGE SKY COVER 0.1


WEATHER CONDITIONS
THE FOLLOWING WEATHER WAS RECORDED YESTERDAY.
  THUNDERSTORM
  LIGHT RAIN


RELATIVE HUMIDITY (PERCENT)
 HIGHEST    32           6:00 AM
 LOWEST     16           1:00 PM
 AVERAGE    24

..........................................................


THE BARSTOW-DAGGETT CA CLIMATE NORMALS FOR TODAY
                         NORMAL    RECORD    YEAR
 MAXIMUM TEMPERATURE (F)   91       104      1963
 MINIMUM TEMPERATURE (F)   61        45      1945


SUNRISE AND SUNSET
SEPTEMBER 29 2022.....SUNRISE   6:40 AM PDT   SUNSET   6:34 PM PDT
SEPTEMBER 30 2022.....SUNRISE   6:41 AM PDT   SUNSET   6:32 PM PDT


-  INDICATES NEGATIVE NUMBERS.
R  INDICATES RECORD WAS SET OR TIED.
MM INDICATES DATA IS MISSING.
T  INDICATES TRACE AMOUNT.




$$
