000
CDUS41 KRNK 260705
CLIDAN

CLIMATE REPORT
NATIONAL WEATHER SERVICE BLACKSBURG, VA
305 AM EDT MON SEP 26 2022

...................................

...THE DANVILLE VA CLIMATE SUMMARY FOR SEPTEMBER 25 2022...

CLIMATE NORMAL PERIOD: 1991 TO 2020
CLIMATE RECORD PERIOD: 1916 TO 2022


WEATHER ITEM   OBSERVED TIME   RECORD YEAR NORMAL DEPARTURE LAST
                VALUE   (LST)  VALUE       VALUE  FROM      YEAR
                                                  NORMAL
...................................................................
TEMPERATURE (F)
 YESTERDAY
  MAXIMUM         82   3:31 PM  97    1933  78      4       78
  MINIMUM         51   4:36 AM  39    1983  56     -5       45
  AVERAGE         67                        67      0       62

PRECIPITATION (IN)
  YESTERDAY        0.25          3.23 2015   0.14   0.11     0.00
  MONTH TO DATE    0.80                      3.42  -2.62     2.14
  SINCE SEP 1      0.80                      3.42  -2.62     2.14
  SINCE JAN 1     28.24                     33.08  -4.84    25.15

SNOWFALL (IN)
  YESTERDAY        0.0                       0.0    0.0      0.0
  MONTH TO DATE    0.0                       0.0    0.0      0.0
  SINCE SEP 1      0.0                       0.0    0.0      0.0
  SINCE JUL 1      0.0                       0.0    0.0      0.0
  SNOW DEPTH       0

DEGREE DAYS
 HEATING
  YESTERDAY        0                         2     -2        3
  MONTH TO DATE    9                        15     -6       10
  SINCE SEP 1      9                        15     -6       10
  SINCE JUL 1      9                        16     -7       10

 COOLING
  YESTERDAY        2                         4     -2        0
  MONTH TO DATE  168                       162      6      191
  SINCE SEP 1    168                       162      6      191
  SINCE JAN 1   1452                      1335    117     1512
...................................................................


WIND (MPH)
  RESULTANT WIND SPEED   5   RESULTANT WIND DIRECTION  SW (220)
  HIGHEST WIND SPEED    18   HIGHEST WIND DIRECTION     N (340)
  HIGHEST GUST SPEED    27   HIGHEST GUST DIRECTION     N (340)
  AVERAGE WIND SPEED     6.0


SKY COVER
  AVERAGE SKY COVER 0.2


WEATHER CONDITIONS
THE FOLLOWING WEATHER WAS RECORDED YESTERDAY.
  HEAVY RAIN
  RAIN
  LIGHT RAIN
  FOG


RELATIVE HUMIDITY (PERCENT)
 HIGHEST    93           8:00 PM
 LOWEST     42           2:00 PM
 AVERAGE    68

..........................................................


THE DANVILLE VA CLIMATE NORMALS FOR TODAY
                         NORMAL    RECORD    YEAR
 MAXIMUM TEMPERATURE (F)   78        97      1933
 MINIMUM TEMPERATURE (F)   55        38      2001


SUNRISE AND SUNSET
SEPTEMBER 26 2022.....SUNRISE   7:08 AM EDT   SUNSET   7:08 PM EDT
SEPTEMBER 27 2022.....SUNRISE   7:09 AM EDT   SUNSET   7:07 PM EDT


-  INDICATES NEGATIVE NUMBERS.
R  INDICATES RECORD WAS SET OR TIED.
MM INDICATES DATA IS MISSING.
T  INDICATES TRACE AMOUNT.




$$
