000
CDUS41 KILN 010533
CLIDAY

CLIMATE REPORT
NATIONAL WEATHER SERVICE WILMINGTON OH
133 AM EDT SAT OCT 01 2022

...................................

...THE DAYTON OH CLIMATE SUMMARY FOR SEPTEMBER 30 2022...

CLIMATE NORMAL PERIOD: 1991 TO 2020
CLIMATE RECORD PERIOD: 1869 TO 2022


WEATHER ITEM   OBSERVED TIME   RECORD YEAR NORMAL DEPARTURE LAST
                VALUE   (LST)  VALUE       VALUE  FROM      YEAR
                                                  NORMAL
...................................................................
TEMPERATURE (F)
 YESTERDAY
  MAXIMUM         71   3:40 PM  94    1897  73     -2       80
                                      2019
  MINIMUM         40   6:51 AM  30    1899  52    -12       53
  AVERAGE         56                        62     -6       67

PRECIPITATION (IN)
  YESTERDAY        0.00          1.24 1906   0.11  -0.11     0.00
  MONTH TO DATE    2.13                      3.31  -1.18     3.46
  SINCE SEP 1      2.13                      3.31  -1.18     3.46
  SINCE JAN 1     33.02                     32.26   0.76    30.66

SNOWFALL (IN)
  YESTERDAY        0.0          MM      MM   0.0    0.0      0.0
  MONTH TO DATE    0.0                       0.0    0.0      0.0
  SINCE SEP 1      0.0                       0.0    0.0      0.0
  SINCE JUL 1      0.0                       0.0    0.0      0.0
  SNOW DEPTH       0

DEGREE DAYS
 HEATING
  YESTERDAY        9                         5      4        0
  MONTH TO DATE   66                        56     10       26
  SINCE SEP 1     66                        56     10       26
  SINCE JUL 1     66                        59      7       26

 COOLING
  YESTERDAY        0                         2     -2        2
  MONTH TO DATE  160                       139     21      166
  SINCE SEP 1    160                       139     21      166
  SINCE JAN 1   1225                      1129     96     1266
...................................................................


WIND (MPH)
  RESULTANT WIND SPEED   9   RESULTANT WIND DIRECTION  NE (40)
  HIGHEST WIND SPEED    17   HIGHEST WIND DIRECTION    NE (40)
  HIGHEST GUST SPEED    24   HIGHEST GUST DIRECTION    NE (60)
  AVERAGE WIND SPEED     9.5


SKY COVER
  POSSIBLE SUNSHINE  MM
  AVERAGE SKY COVER 0.2


WEATHER CONDITIONS
THE FOLLOWING WEATHER WAS RECORDED YESTERDAY.
  NO SIGNIFICANT WEATHER WAS OBSERVED.


RELATIVE HUMIDITY (PERCENT)
 HIGHEST    89           5:00 AM
 LOWEST     35           4:00 PM
 AVERAGE    62

..........................................................


THE DAYTON OH CLIMATE NORMALS FOR TODAY
                         NORMAL    RECORD    YEAR
 MAXIMUM TEMPERATURE (F)   73        94      2019
 MINIMUM TEMPERATURE (F)   51        26      1899


SUNRISE AND SUNSET
OCTOBER  1 2022.......SUNRISE   7:33 AM EDT   SUNSET   7:19 PM EDT
OCTOBER  2 2022.......SUNRISE   7:34 AM EDT   SUNSET   7:17 PM EDT


-  INDICATES NEGATIVE NUMBERS.
R  INDICATES RECORD WAS SET OR TIED.
MM INDICATES DATA IS MISSING.
T  INDICATES TRACE AMOUNT.




$$
