000
CDUS43 KDVN 060924
CLIDBQ

CLIMATE REPORT
NATIONAL WEATHER SERVICE QUAD CITIES IA IL
424 AM CDT THU OCT 06 2022

...................................

...THE DUBUQUE IA CLIMATE SUMMARY FOR OCTOBER 5 2022...

CLIMATE NORMAL PERIOD 1991 TO 2020
CLIMATE RECORD PERIOD 1873 TO 2022


WEATHER ITEM   OBSERVED TIME   RECORD YEAR NORMAL DEPARTURE LAST
                VALUE   (LST)  VALUE       VALUE  FROM      YEAR
                                                  NORMAL
...................................................................
TEMPERATURE (F)
 YESTERDAY
  MAXIMUM         72    253 PM  87    1922  65      7       71
  MINIMUM         41    620 AM  25    1952  44     -3       56
  AVERAGE         57                        55      2       64

PRECIPITATION (IN)
  YESTERDAY        0.04          1.11 1904   0.10  -0.06     0.00
  MONTH TO DATE    0.04                      0.53  -0.49     0.22
  SINCE SEP 1      0.64                      4.35  -3.71     1.52
  SINCE JAN 1     24.55                     31.79  -7.24    23.32

SNOWFALL (IN)
  YESTERDAY        0.0          MM      MM   0.0    0.0      0.0
  MONTH TO DATE    0.0                       0.0    0.0      0.0
  SINCE SEP 1      0.0                       0.0    0.0      0.0
  SINCE JUL 1      0.0                       0.0    0.0      0.0
  SNOW DEPTH       0

DEGREE DAYS
 HEATING
  YESTERDAY        8                        11     -3        1
  MONTH TO DATE   32                        50    -18        2
  SINCE SEP 1    143                       192    -49       43
  SINCE JUL 1    146                       218    -72       43

 COOLING
  YESTERDAY        0                         0      0        0
  MONTH TO DATE    0                         3     -3       15
  SINCE SEP 1     85                        66     19       86
  SINCE JAN 1    824                       633    191      861
...................................................................


WIND (MPH)
  HIGHEST WIND SPEED    14   HIGHEST WIND DIRECTION    SW (210)
  HIGHEST GUST SPEED    18   HIGHEST GUST DIRECTION    SW (220)
  AVERAGE WIND SPEED     5.1


SKY COVER
  POSSIBLE SUNSHINE  MM
  AVERAGE SKY COVER 0.4


WEATHER CONDITIONS
THE FOLLOWING WEATHER WAS RECORDED YESTERDAY.
  LIGHT RAIN


RELATIVE HUMIDITY (PERCENT)
 HIGHEST    93          1000 PM
 LOWEST     39           100 PM
 AVERAGE    66

..........................................................


THE DUBUQUE IA CLIMATE NORMALS FOR TODAY
                         NORMAL    RECORD    YEAR
 MAXIMUM TEMPERATURE (F)   65        86      1947
                                             1963
 MINIMUM TEMPERATURE (F)   44        20      1952


SUNRISE AND SUNSET
OCTOBER  6 2022.......SUNRISE   705 AM CDT   SUNSET   635 PM CDT
OCTOBER  7 2022.......SUNRISE   707 AM CDT   SUNSET   634 PM CDT


-  INDICATES NEGATIVE NUMBERS.
R  INDICATES RECORD WAS SET OR TIED.
MM INDICATES DATA IS MISSING.
T  INDICATES TRACE AMOUNT.




$$
