000
CDUS41 KALY 052044
CLIDDH

CLIMATE REPORT
NATIONAL WEATHER SERVICE ALBANY NY
444 PM EDT WED OCT 05 2022

...................................

...THE BENNINGTON VT CLIMATE SUMMARY FOR OCTOBER 5 2022...
VALID TODAY AS OF 0400 PM LOCAL TIME.

CLIMATE NORMAL PERIOD: 1991 TO 2020
CLIMATE RECORD PERIOD: 9999 TO 9999


WEATHER ITEM   OBSERVED TIME   NORMAL DEPARTURE LAST
                VALUE   (LST)  VALUE  FROM      YEAR
                                      NORMAL
.......................................................
TEMPERATURE (F)
 TODAY
  MAXIMUM         61   1:47 PM  64     -3       60
  MINIMUM         49   6:08 AM  41      8       52
  AVERAGE         55            53      2       56

PRECIPITATION (IN)
  TODAY            0.01          0.12  -0.11     0.18
  MONTH TO DATE    0.08          0.59  -0.51     1.91
  SINCE SEP 1      4.88          4.41   0.47     8.79
  SINCE JAN 1     27.44         29.89  -2.45    34.81

DEGREE DAYS
 HEATING
  TODAY           10            12     -2        9
  MONTH TO DATE   67            58      9       47
  SINCE SEP 1    227           240    -13      171
  SINCE JUL 1    239           297    -58      200

 COOLING
  TODAY            0             0      0        0
  MONTH TO DATE    0             0      0        0
  SINCE SEP 1     30            36     -6       32
  SINCE JAN 1    527           368    159      514
.......................................................


WIND (MPH)
  HIGHEST WIND SPEED     7   HIGHEST WIND DIRECTION     S (200)
  HIGHEST GUST SPEED    11   HIGHEST GUST DIRECTION    SW (210)
  AVERAGE WIND SPEED     2.0


SKY COVER
  AVERAGE SKY COVER 1.0


RELATIVE HUMIDITY (PERCENT)
 HIGHEST    93           5:00 AM
 LOWEST     71          12:00 AM
 AVERAGE    82

..........................................................


THE BENNINGTON VT CLIMATE NORMALS FOR TOMORROW
                         NORMAL    RECORD
 MAXIMUM TEMPERATURE (F)   64        MM
 MINIMUM TEMPERATURE (F)   41        MM


SUNRISE AND SUNSET
OCTOBER  5 2022.......SUNRISE   6:55 AM EDT   SUNSET   6:27 PM EDT
OCTOBER  6 2022.......SUNRISE   6:56 AM EDT   SUNSET   6:26 PM EDT


-  INDICATES NEGATIVE NUMBERS.
R  INDICATES RECORD WAS SET OR TIED.
MM INDICATES DATA IS MISSING.
T  INDICATES TRACE AMOUNT.




$$
