000
CDUS43 KILX 052132
CLIDEC

CLIMATE REPORT
NATIONAL WEATHER SERVICE LINCOLN IL
432 PM CDT WED OCT 05 2022

...................................

...THE DECATUR IL AIRPORT CLIMATE SUMMARY FOR OCTOBER 5 2022...
VALID TODAY AS OF 0400 PM LOCAL TIME.

CLIMATE NORMAL PERIOD 1991 TO 2020
CLIMATE RECORD PERIOD 9999 TO 9999


WEATHER ITEM   OBSERVED TIME   RECORD YEAR NORMAL DEPARTURE LAST
                VALUE   (LST)  VALUE       VALUE  FROM      YEAR
                                                  NORMAL
...................................................................
TEMPERATURE (F)
 TODAY
  MAXIMUM         76    238 PM  MM      MM  72      4       73
  MINIMUM         39    624 AM  MM      MM  48     -9       60
  AVERAGE         58                        60     -2       67

PRECIPITATION (IN)
  TODAY            0.00         MM      MM   0.10  -0.10     0.01
  MONTH TO DATE    0.00                      0.46  -0.46     1.06
  SINCE SEP 1      5.20                      3.44   1.76     4.25
  SINCE JAN 1     37.30                     28.55   8.75    33.60

DEGREE DAYS
 HEATING
  TODAY            7                         7      0        0
  MONTH TO DATE   35                        31      4        0
  SINCE SEP 1    113                        97     16       12
  SINCE JUL 1    113                       102     11       14

 COOLING
  TODAY            0                         1     -1        2
  MONTH TO DATE    0                         9     -9       25
  SINCE SEP 1    132                       133     -1      207
  SINCE JAN 1   1214                      1091    123     1290
...................................................................


WIND (MPH)
  HIGHEST WIND SPEED    13   HIGHEST WIND DIRECTION     S (170)
  HIGHEST GUST SPEED    15   HIGHEST GUST DIRECTION     S (170)
  AVERAGE WIND SPEED     2.4


SKY COVER
  POSSIBLE SUNSHINE  MM
  AVERAGE SKY COVER 0.0


WEATHER CONDITIONS
THE FOLLOWING WEATHER WAS RECORDED TODAY.
  FOG
  HAZE


RELATIVE HUMIDITY (PERCENT)
 HIGHEST    89           500 AM
 LOWEST     23           200 PM
 AVERAGE    56

..........................................................


THE DECATUR IL AIRPORT CLIMATE NORMALS FOR TOMORROW
                         NORMAL    RECORD    YEAR
 MAXIMUM TEMPERATURE (F)   71        MM        MM
 MINIMUM TEMPERATURE (F)   48        MM        MM


SUNRISE AND SUNSET
OCTOBER  5 2022.......SUNRISE   656 AM CDT   SUNSET   631 PM CDT
OCTOBER  6 2022.......SUNRISE   657 AM CDT   SUNSET   630 PM CDT


-  INDICATES NEGATIVE NUMBERS.
R  INDICATES RECORD WAS SET OR TIED.
MM INDICATES DATA IS MISSING.
T  INDICATES TRACE AMOUNT.




$$
