000
CDUS45 KBOU 010734
CLIDEN

CLIMATE REPORT
NATIONAL WEATHER SERVICE
134 AM MDT SAT OCT 01 2022

...................................

...THE DENVER CO CLIMATE SUMMARY FOR SEPTEMBER 30 2022...

CLIMATE NORMAL PERIOD 1991 TO 2020
CLIMATE RECORD PERIOD 1872 TO 2022


WEATHER ITEM   OBSERVED TIME   RECORD YEAR NORMAL DEPARTURE LAST
                VALUE   (LST)  VALUE       VALUE  FROM      YEAR
                                                  NORMAL
...................................................................
TEMPERATURE (F)
 YESTERDAY
  MAXIMUM         83   1215 PM  90    1980  73     10       58
  MINIMUM         51    239 AM  25    1985  44      7       43
  AVERAGE         67                        58      9       51

PRECIPITATION (IN)
  YESTERDAY        0.31          0.73 1904   0.05   0.26     0.02
  MONTH TO DATE    1.25                      1.35  -0.10     0.28
  SINCE OCT 1     10.12                     14.48  -4.36    13.55
  SINCE JAN 1      9.81                     12.50  -2.69    12.22

SNOWFALL (IN)
  YESTERDAY        0.0
  MONTH TO DATE    0.0
  SINCE SEP 1      0.0
  SINCE JUL 1      0.0
  SNOW DEPTH       0

DEGREE DAYS
 HEATING
  YESTERDAY        0                         8     -8       14
  MONTH TO DATE   53                       104    -51       59
  SINCE SEP 1     53                       104    -51       59
  SINCE JUL 1     53                       117    -64       59

 COOLING
  YESTERDAY        2                         1      1        0
  MONTH TO DATE  178                        99     79      178
  SINCE SEP 1    178                        99     79      178
  SINCE JAN 1   1168                       842    326     1105
...................................................................


WIND (MPH)
  HIGHEST WIND SPEED    29   HIGHEST WIND DIRECTION    NW (300)
  HIGHEST GUST SPEED    37   HIGHEST GUST DIRECTION    NW (300)
  AVERAGE WIND SPEED     9.7


SKY COVER
  POSSIBLE SUNSHINE  MM
  AVERAGE SKY COVER 0.6


WEATHER CONDITIONS
THE FOLLOWING WEATHER WAS RECORDED YESTERDAY.
  THUNDERSTORM
  HEAVY RAIN
  LIGHT RAIN
  FOG
  HAZE


RELATIVE HUMIDITY (PERCENT)
 HIGHEST    93           900 PM
 LOWEST     20          1200 PM
 AVERAGE    57

..........................................................


THE DENVER CO CLIMATE NORMALS FOR TODAY
                         NORMAL    RECORD    YEAR
 MAXIMUM TEMPERATURE (F)   72        90      1892
 MINIMUM TEMPERATURE (F)   44        27      1985


SUNRISE AND SUNSET
OCTOBER  1 2022.......SUNRISE   655 AM MDT   SUNSET   641 PM MDT
OCTOBER  2 2022.......SUNRISE   656 AM MDT   SUNSET   639 PM MDT


-  INDICATES NEGATIVE NUMBERS.
R  INDICATES RECORD WAS SET OR TIED.
MM INDICATES DATA IS MISSING.
T  INDICATES TRACE AMOUNT.




$$
