000
CDUS44 KSHV 290744
CLIDEQ

CLIMATE REPORT
NATIONAL WEATHER SERVICE SHREVEPORT, LA
244 AM CDT THU SEP 29 2022

...................................

...THE DE QUEEN CLIMATE SUMMARY FOR SEPTEMBER 28 2022...

CLIMATE NORMAL PERIOD: 1991 TO 2020
CLIMATE RECORD PERIOD: 1902 TO 2022


WEATHER ITEM   OBSERVED TIME   RECORD YEAR NORMAL DEPARTURE LAST
                VALUE   (LST)  VALUE       VALUE  FROM      YEAR
                                                  NORMAL
...................................................................
TEMPERATURE (F)
 YESTERDAY
  MAXIMUM         90   3:56 PM 101    1953  84      6       91
  MINIMUM         51   6:31 AM  38    1967  58     -7       60
  AVERAGE         71                        71      0       76

PRECIPITATION (IN)
  YESTERDAY        0.00          7.92 1980   0.10  -0.10     0.00
  MONTH TO DATE    0.43                      3.14  -2.71     1.81
  SINCE SEP 1      0.43                      3.14  -2.71     1.81
  SINCE JAN 1     30.67                     32.91  -2.24    39.02

SNOWFALL (IN)
  YESTERDAY        0.0
  MONTH TO DATE    0.0
  SINCE SEP 1      0.0
  SINCE JUL 1      0.0
  SNOW DEPTH       0

DEGREE DAYS
 HEATING
  YESTERDAY        0                         1     -1        0
  MONTH TO DATE    0                         2     -2        0
  SINCE SEP 1      0                         2     -2        0
  SINCE JUL 1      0                         2     -2        0

 COOLING
  YESTERDAY        6                         6      0       11
  MONTH TO DATE  346                       298     48      328
  SINCE SEP 1    346                       298     48      328
  SINCE JAN 1   2444                      2020    424     2052
...................................................................


WIND (MPH)
  HIGHEST WIND SPEED    13   HIGHEST WIND DIRECTION     E (90)
  HIGHEST GUST SPEED    17   HIGHEST GUST DIRECTION     E (80)
  AVERAGE WIND SPEED     3.4


SKY COVER
  POSSIBLE SUNSHINE  MM
  AVERAGE SKY COVER 0.0


WEATHER CONDITIONS
THE FOLLOWING WEATHER WAS RECORDED YESTERDAY.
  NO SIGNIFICANT WEATHER WAS OBSERVED.


RELATIVE HUMIDITY (PERCENT)
 HIGHEST    67           9:00 PM
 LOWEST     20           2:00 PM
 AVERAGE    44

..........................................................


THE DE QUEEN CLIMATE NORMALS FOR TODAY
                         NORMAL    RECORD    YEAR
 MAXIMUM TEMPERATURE (F)   83       101      1953
 MINIMUM TEMPERATURE (F)   58        35      1967


SUNRISE AND SUNSET
SEPTEMBER 29 2022.....SUNRISE   7:11 AM CDT   SUNSET   7:04 PM CDT
SEPTEMBER 30 2022.....SUNRISE   7:11 AM CDT   SUNSET   7:03 PM CDT


-  INDICATES NEGATIVE NUMBERS.
R  INDICATES RECORD WAS SET OR TIED.
MM INDICATES DATA IS MISSING.
T  INDICATES TRACE AMOUNT.




$$
