000
CDUS44 KFWD 020635
CLIDFW

CLIMATE REPORT
NATIONAL WEATHER SERVICE FORT WORTH TX
135 AM CDT SUN OCT 02 2022

...................................

...THE DALLAS/FORT WORTH CLIMATE SUMMARY FOR OCTOBER 1 2022...

CLIMATE NORMAL PERIOD 1991 TO 2020
CLIMATE RECORD PERIOD 1898 TO 2022


WEATHER ITEM   OBSERVED TIME   RECORD YEAR NORMAL DEPARTURE LAST
                VALUE   (LST)  VALUE       VALUE  FROM      YEAR
                                                  NORMAL
...................................................................
TEMPERATURE (F)
 YESTERDAY
  MAXIMUM         82    324 PM 102    1979  84     -2       78
  MINIMUM         56    701 AM  42    1984  63     -7       67
  AVERAGE         69                        73     -4       73

PRECIPITATION (IN)
  YESTERDAY        0.00          4.85 1959   0.10  -0.10     0.50
  MONTH TO DATE    0.00                      0.10  -0.10     0.50
  SINCE SEP 1      0.33                      2.82  -2.49     0.75
  SINCE JAN 1     23.42                     27.37  -3.95    27.59

SNOWFALL (IN)
  YESTERDAY        0.0           0.0    MM   0.0    0.0      0.0
  MONTH TO DATE    0.0                       0.0    0.0      0.0
  SINCE SEP 1      0.0                       0.0    0.0      0.0
  SINCE JUL 1      0.0                       0.0    0.0      0.0
  SNOW DEPTH       0

DEGREE DAYS
 HEATING
  YESTERDAY        0                         0      0        0
  MONTH TO DATE    0                         0      0        0
  SINCE SEP 1      0                         3     -3        0
  SINCE JUL 1      0                         3     -3        0

 COOLING
  YESTERDAY        4                         9     -5        8
  MONTH TO DATE    4                         9     -5        8
  SINCE SEP 1    477                       419     58      482
  SINCE JAN 1   3252                      2647    605     2613
...................................................................


WIND (MPH)
  HIGHEST WIND SPEED    12   HIGHEST WIND DIRECTION    SE (120)
  HIGHEST GUST SPEED    17   HIGHEST GUST DIRECTION    SE (140)
  AVERAGE WIND SPEED     3.6


SKY COVER
  POSSIBLE SUNSHINE  MM
  AVERAGE SKY COVER 0.0


WEATHER CONDITIONS
THE FOLLOWING WEATHER WAS RECORDED YESTERDAY.
  NO SIGNIFICANT WEATHER WAS OBSERVED.


RELATIVE HUMIDITY (PERCENT)
 HIGHEST    64           700 AM
 LOWEST     24           500 PM
 AVERAGE    44

..........................................................


THE DALLAS/FORT WORTH CLIMATE NORMALS FOR TODAY
                         NORMAL    RECORD    YEAR
 MAXIMUM TEMPERATURE (F)   84        99      1951
 MINIMUM TEMPERATURE (F)   63        47      1975
                                             1985


SUNRISE AND SUNSET
OCTOBER  2 2022.......SUNRISE   723 AM CDT   SUNSET   711 PM CDT
OCTOBER  3 2022.......SUNRISE   724 AM CDT   SUNSET   710 PM CDT


-  INDICATES NEGATIVE NUMBERS.
R  INDICATES RECORD WAS SET OR TIED.
MM INDICATES DATA IS MISSING.
T  INDICATES TRACE AMOUNT.




$$
