000
CDUS43 KDDC 020706
CLIDGC

CLIMATE REPORT
NATIONAL WEATHER SERVICE DODGE CITY, KANSAS
206 AM CDT SUN OCT 02 2022

...................................

...THE DODGE CITY KS CLIMATE SUMMARY FOR OCTOBER 1 2022...

CLIMATE NORMAL PERIOD 1991 TO 2020
CLIMATE RECORD PERIOD 1875 TO 2022


WEATHER ITEM   OBSERVED TIME   RECORD YEAR NORMAL DEPARTURE LAST
                VALUE   (LST)  VALUE       VALUE  FROM      YEAR
                                                  NORMAL
...................................................................
TEMPERATURE (F)
 YESTERDAY
  MAXIMUM         87    314 PM  96    2000  78      9       73
                                      2006
  MINIMUM         55    712 AM  24    1876  50      5       50
  AVERAGE         71                        64      7       62

PRECIPITATION (IN)
  YESTERDAY        0.00          1.53 1998   0.06  -0.06     0.22
  MONTH TO DATE    0.00                      0.06  -0.06     0.22
  SINCE SEP 1      2.66                      1.37   1.29     2.25
  SINCE JAN 1     11.41                     18.28  -6.87    16.69

SNOWFALL (IN)
  YESTERDAY        0.0           0.0  2001   0.0    0.0      0.0
                                      2002
  MONTH TO DATE    0.0                       0.0    0.0      0.0
  SINCE SEP 1      0.0                       0.0    0.0      0.0
  SINCE JUL 1      0.0                       0.0    0.0      0.0
  SNOW DEPTH       0

DEGREE DAYS
 HEATING
  YESTERDAY        0                         4     -4        3
  MONTH TO DATE    0                         4     -4        3
  SINCE SEP 1     25                        53    -28       12
  SINCE JUL 1     25                        56    -31       12

 COOLING
  YESTERDAY        6                         3      3        0
  MONTH TO DATE    6                         3      3        0
  SINCE SEP 1    280                       202     78      310
  SINCE JAN 1   1972                      1514    458     1716
...................................................................


WIND (MPH)
  HIGHEST WIND SPEED    20   HIGHEST WIND DIRECTION    SE (150)
  HIGHEST GUST SPEED    27   HIGHEST GUST DIRECTION     S (160)
  AVERAGE WIND SPEED    12.5


SKY COVER
  POSSIBLE SUNSHINE  MM
  AVERAGE SKY COVER 0.0


WEATHER CONDITIONS
THE FOLLOWING WEATHER WAS RECORDED YESTERDAY.
  HAZE


RELATIVE HUMIDITY (PERCENT)
 HIGHEST    69           700 AM
 LOWEST     27           200 PM
 AVERAGE    48

..........................................................


THE DODGE CITY KS CLIMATE NORMALS FOR TODAY
                         NORMAL    RECORD    YEAR
 MAXIMUM TEMPERATURE (F)   77        95      1997
 MINIMUM TEMPERATURE (F)   49        34      2004


SUNRISE AND SUNSET
OCTOBER  2 2022.......SUNRISE   736 AM CDT   SUNSET   721 PM CDT
OCTOBER  3 2022.......SUNRISE   737 AM CDT   SUNSET   720 PM CDT


-  INDICATES NEGATIVE NUMBERS.
R  INDICATES RECORD WAS SET OR TIED.
MM INDICATES DATA IS MISSING.
T  INDICATES TRACE AMOUNT.




$$
