000
CDUS45 KCYS 260726
CLIDGW

CLIMATE REPORT
NATIONAL WEATHER SERVICE CHEYENNE WY
126 AM MDT MON SEP 26 2022

...................................

...THE CONVERSE CO (DOUGLAS) WY ARPT CLIMATE SUMMARY FOR SEPTEMBER 25 2022...

CLIMATE NORMAL PERIOD 1991 TO 2020
CLIMATE RECORD PERIOD 1998 TO 2022


WEATHER ITEM   OBSERVED TIME   RECORD YEAR NORMAL DEPARTURE LAST
                VALUE   (LST)  VALUE       VALUE  FROM      YEAR
                                                  NORMAL
...................................................................
TEMPERATURE (F)
 YESTERDAY
  MAXIMUM         75    400 PM  93    2014  72      3       85
  MINIMUM         33    613 AM  14    2000  39     -6       36
  AVERAGE         54                        55     -1       61

PRECIPITATION (IN)
  YESTERDAY        0.00          0.18 2005   0.04  -0.04     0.00
  MONTH TO DATE    0.72                      0.80  -0.08     0.74
  SINCE SEP 1      0.72                      0.80  -0.08     0.74
  SINCE JAN 1      2.28                      9.51  -7.23     4.39

DEGREE DAYS
 HEATING
  YESTERDAY       11                        10      1        4
  MONTH TO DATE  103                       140    -37       71
  SINCE SEP 1    103                       140    -37       71
  SINCE JUL 1    103                       177    -74       89

 COOLING
  YESTERDAY        0                         0      0        0
  MONTH TO DATE   81                        33     48       46
  SINCE SEP 1     81                        33     48       46
  SINCE JAN 1    713                       510    203      714
...................................................................


WIND (MPH)
  HIGHEST WIND SPEED    13   HIGHEST WIND DIRECTION     W (290)
  HIGHEST GUST SPEED    18   HIGHEST GUST DIRECTION    NW (300)
  AVERAGE WIND SPEED     3.0


SKY COVER
  POSSIBLE SUNSHINE  MM
  AVERAGE SKY COVER 0.0


WEATHER CONDITIONS
THE FOLLOWING WEATHER WAS RECORDED YESTERDAY.
  NO SIGNIFICANT WEATHER WAS OBSERVED.


RELATIVE HUMIDITY (PERCENT)
 HIGHEST    92           600 AM
 LOWEST     24           500 PM
 AVERAGE    58

..........................................................


THE CONVERSE CO (DOUGLAS) WY ARPT CLIMATE NORMALS FOR TODAY
                         NORMAL    RECORD    YEAR
 MAXIMUM TEMPERATURE (F)   71        93      2010
                                             2014
                                             2015
 MINIMUM TEMPERATURE (F)   38        24      2000


SUNRISE AND SUNSET
SEPTEMBER 26 2022.....SUNRISE   653 AM MDT   SUNSET   651 PM MDT
SEPTEMBER 27 2022.....SUNRISE   654 AM MDT   SUNSET   650 PM MDT


-  INDICATES NEGATIVE NUMBERS.
R  INDICATES RECORD WAS SET OR TIED.
MM INDICATES DATA IS MISSING.
T  INDICATES TRACE AMOUNT.




$$
