000
CDUS42 KTAE 260637
CLIDHN

CLIMATE REPORT
NATIONAL WEATHER SERVICE TALLAHASSEE FL
237 AM EDT MON SEP 26 2022

...................................

...THE DOTHAN CLIMATE SUMMARY FOR SEPTEMBER 25 2022...

CLIMATE NORMAL PERIOD 1991 TO 2020
CLIMATE RECORD PERIOD 1965 TO 2022


WEATHER ITEM   OBSERVED TIME   NORMAL DEPARTURE LAST
                VALUE   (LST)  VALUE  FROM      YEAR
                                      NORMAL
.......................................................
TEMPERATURE (F)
 YESTERDAY
  MAXIMUM         93    303 PM  87      6       84
  MINIMUM         59    650 AM  65     -6       56
  AVERAGE         76            76      0       70

PRECIPITATION (IN)
  YESTERDAY        0.00          0.09  -0.09     0.00
  MONTH TO DATE    1.32          2.80  -1.48     2.54
  SINCE SEP 1      1.32          2.80  -1.48     2.54
  SINCE JAN 1     38.81         42.01  -3.20    51.83

SNOWFALL (IN)
  YESTERDAY        0.0

DEGREE DAYS
 HEATING
  YESTERDAY        0                    0
  MONTH TO DATE    0                    0
  SINCE SEP 1      0                    0
  SINCE JUL 1      0                    0

 COOLING
  YESTERDAY       11                    0
  MONTH TO DATE  344                    9
  SINCE SEP 1    344                    9
  SINCE JAN 1   2530                  110
.......................................................


WIND (MPH)
  HIGHEST WIND SPEED     9   HIGHEST WIND DIRECTION     N (340)
  HIGHEST GUST SPEED    13   HIGHEST GUST DIRECTION    NW (300)
  AVERAGE WIND SPEED     2.9

..........................................................


THE DOTHAN CLIMATE NORMALS FOR TODAY
                         NORMAL




SUNRISE AND SUNSET
SEPTEMBER 26 2022.....SUNRISE   632 AM CDT   SUNSET   633 PM CDT
SEPTEMBER 27 2022.....SUNRISE   633 AM CDT   SUNSET   632 PM CDT


-  INDICATES NEGATIVE NUMBERS.
R  INDICATES RECORD WAS SET OR TIED.
MM INDICATES DATA IS MISSING.
T  INDICATES TRACE AMOUNT.




$$
