000
CDUS44 KAMA 260632
CLIDHT

CLIMATE REPORT
NATIONAL WEATHER SERVICE AMARILLO
132 AM CDT MON SEP 26 2022

...................................

...THE DALHART CLIMATE SUMMARY FOR SEPTEMBER 25 2022...

CLIMATE NORMAL PERIOD: 1991 TO 2020
CLIMATE RECORD PERIOD: 1948 TO 2022


WEATHER ITEM   OBSERVED TIME   RECORD YEAR NORMAL DEPARTURE LAST
                VALUE   (LST)  VALUE       VALUE  FROM      YEAR
                                                  NORMAL
...................................................................
TEMPERATURE (F)
 YESTERDAY
  MAXIMUM         82   3:05 PM  98    2020  81      1       88
  MINIMUM         57   2:25 AM  32    2000  51      6       49
  AVERAGE         70                        66      4       69

PRECIPITATION (IN)
  YESTERDAY        0.00          0.44 2017   0.04  -0.04     0.00
  MONTH TO DATE    0.45                      1.07  -0.62     0.45
  SINCE SEP 1      0.45                      1.07  -0.62     0.45
  SINCE JAN 1      9.12                     12.67  -3.55    10.86

SNOWFALL (IN)
  YESTERDAY       MM             0.0    MM   0.0   MM        0.0
  MONTH TO DATE   MM                         0.0   MM        0.0
  SINCE SEP 1     MM                         0.0   MM        0.0
  SINCE JUL 1     MM                         0.0   MM         T
  SNOW DEPTH      MM

DEGREE DAYS
 HEATING
  YESTERDAY        0                         2     -2        0
  MONTH TO DATE    9                        22    -13        7
  SINCE SEP 1      9                        22    -13        7
  SINCE JUL 1      9                        23    -14        7

 COOLING
  YESTERDAY        5                         3      2        4
  MONTH TO DATE  221                       162     59      218
  SINCE SEP 1    221                       162     59      218
  SINCE JAN 1   1613                      1369    244     1355
...................................................................


WIND (MPH)
  RESULTANT WIND SPEED  11   RESULTANT WIND DIRECTION  NE (50)
  HIGHEST WIND SPEED    25   HIGHEST WIND DIRECTION    NE (50)
  HIGHEST GUST SPEED    33   HIGHEST GUST DIRECTION    NE (40)
  AVERAGE WIND SPEED    12.7


SKY COVER
  AVERAGE SKY COVER 0.0


WEATHER CONDITIONS
THE FOLLOWING WEATHER WAS RECORDED YESTERDAY.
  NO SIGNIFICANT WEATHER WAS OBSERVED.


RELATIVE HUMIDITY (PERCENT)
 HIGHEST    58           3:00 AM
 LOWEST     22           2:00 PM
 AVERAGE    40

..........................................................


THE DALHART CLIMATE NORMALS FOR TODAY
                         NORMAL    RECORD    YEAR
 MAXIMUM TEMPERATURE (F)   81        98      2020
 MINIMUM TEMPERATURE (F)   51        32      2000


SUNRISE AND SUNSET
SEPTEMBER 26 2022.....SUNRISE   7:41 AM CDT   SUNSET   7:41 PM CDT
SEPTEMBER 27 2022.....SUNRISE   7:42 AM CDT   SUNSET   7:40 PM CDT


-  INDICATES NEGATIVE NUMBERS.
R  INDICATES RECORD WAS SET OR TIED.
MM INDICATES DATA IS MISSING.
T  INDICATES TRACE AMOUNT.




$$
