000
CDUS43 KBIS 060728
CLIDIK

CLIMATE REPORT
NATIONAL WEATHER SERVICE BISMARCK, ND
228 AM CDT THU OCT 06 2022

...................................

...THE DICKINSON ND CLIMATE SUMMARY FOR OCTOBER 5 2022...

CLIMATE NORMAL PERIOD: 1991 TO 2020
CLIMATE RECORD PERIOD: 1893 TO 2022


WEATHER ITEM   OBSERVED TIME   RECORD YEAR NORMAL DEPARTURE LAST
                VALUE   (LST)  VALUE       VALUE  FROM      YEAR
                                                  NORMAL
...................................................................
TEMPERATURE (F)
 YESTERDAY
  MAXIMUM         76  12:45 PM  93    2021  63     13       93
  MINIMUM         42  11:59 PM  18    1952  36      6       52
  AVERAGE         59                        50      9       73

PRECIPITATION (IN)
  YESTERDAY        0.00          0.93 1982   0.05  -0.05     0.00
  MONTH TO DATE    0.09                      0.24  -0.15     0.00
  SINCE SEP 1      0.16                      1.86  -1.70     0.27
  SINCE JAN 1     11.26                     14.04  -2.78     9.78

DEGREE DAYS
 HEATING
  YESTERDAY        6                        16    -10        0
  MONTH TO DATE   35                        74    -39       13
  SINCE SEP 1    183                       308   -125      108
  SINCE JUL 1    195                       385   -190      140

 COOLING
  YESTERDAY        0                         0      0        8
  MONTH TO DATE    0                         0      0        9
  SINCE SEP 1     66                        38     28       70
  SINCE JAN 1    557                       416    141      683
...................................................................


WIND (MPH)
  HIGHEST WIND SPEED    23   HIGHEST WIND DIRECTION    NE (40)
  HIGHEST GUST SPEED    30   HIGHEST GUST DIRECTION    NE (30)
  AVERAGE WIND SPEED    11.9


SKY COVER
  AVERAGE SKY COVER 0.1


WEATHER CONDITIONS
THE FOLLOWING WEATHER WAS RECORDED YESTERDAY.
  NO SIGNIFICANT WEATHER WAS OBSERVED.


RELATIVE HUMIDITY (PERCENT)
 HIGHEST    93           3:00 AM
 LOWEST     36          12:00 PM
 AVERAGE    65

..........................................................


THE DICKINSON ND CLIMATE NORMALS FOR TODAY
                         NORMAL    RECORD    YEAR
 MAXIMUM TEMPERATURE (F)   62        87      2021
 MINIMUM TEMPERATURE (F)   36        11      2005


SUNRISE AND SUNSET
OCTOBER  6 2022.......SUNRISE   6:57 AM MDT   SUNSET   6:21 PM MDT
OCTOBER  7 2022.......SUNRISE   6:58 AM MDT   SUNSET   6:19 PM MDT


-  INDICATES NEGATIVE NUMBERS.
R  INDICATES RECORD WAS SET OR TIED.
MM INDICATES DATA IS MISSING.
T  INDICATES TRACE AMOUNT.




$$
