000
CDUS43 KDLH 020744
CLIDLH

CLIMATE REPORT
NATIONAL WEATHER SERVICE DULUTH MN
244 AM CDT SUN OCT 02 2022

...................................

...THE DULUTH CLIMATE SUMMARY FOR OCTOBER 1 2022...

CLIMATE NORMAL PERIOD: 1991 TO 2020
CLIMATE RECORD PERIOD: 1870 TO 2022


WEATHER ITEM   OBSERVED TIME   RECORD YEAR NORMAL DEPARTURE LAST
                VALUE   (LST)  VALUE       VALUE  FROM      YEAR
                                                  NORMAL
...................................................................
TEMPERATURE (F)
 YESTERDAY
  MAXIMUM         58   1:06 PM  80    1963  60     -2       71
                                      1989
  MINIMUM         48  11:49 PM  20    1961  41      7       57
  AVERAGE         53                        51      2       64

PRECIPITATION (IN)
  YESTERDAY        0.00          2.81 1950   0.11  -0.11      T
  MONTH TO DATE    0.00                      0.11  -0.11      T
  SINCE SEP 1      2.73                      3.59  -0.86     3.60
  SINCE JAN 1     26.37                     24.95   1.42    19.15

SNOWFALL (IN)
  YESTERDAY        0.0           2.3  1985   0.0    0.0      0.0
  MONTH TO DATE    0.0                       0.0    0.0      0.0
  SINCE SEP 1      0.0                       0.1   -0.1      0.0
  SINCE JUL 1      T                         0.1   -0.1       T
  SNOW DEPTH       0

DEGREE DAYS
 HEATING
  YESTERDAY       12                        14     -2        1
  MONTH TO DATE   12                        14     -2        1
  SINCE SEP 1    227                       268    -41      153
  SINCE JUL 1    298                       382    -84      218

 COOLING
  YESTERDAY        0                         0      0        0
  MONTH TO DATE    0                         0      0        0
  SINCE SEP 1     28                        21      7       15
  SINCE JAN 1    239                       254    -15      436
...................................................................


WIND (MPH)
  HIGHEST WIND SPEED    20   HIGHEST WIND DIRECTION     E (80)
  HIGHEST GUST SPEED    28   HIGHEST GUST DIRECTION     E (100)
  AVERAGE WIND SPEED    11.1


SKY COVER
  AVERAGE SKY COVER 0.6


WEATHER CONDITIONS
THE FOLLOWING WEATHER WAS RECORDED YESTERDAY.
  FOG


RELATIVE HUMIDITY (PERCENT)
 HIGHEST    93           8:00 PM
 LOWEST     72          10:00 AM
 AVERAGE    83

..........................................................


THE DULUTH CLIMATE NORMALS FOR TODAY
                         NORMAL    RECORD    YEAR
 MAXIMUM TEMPERATURE (F)   60        86      1953
 MINIMUM TEMPERATURE (F)   41        17      1961


SUNRISE AND SUNSET
OCTOBER  2 2022.......SUNRISE   7:09 AM CDT   SUNSET   6:46 PM CDT
OCTOBER  3 2022.......SUNRISE   7:10 AM CDT   SUNSET   6:44 PM CDT


-  INDICATES NEGATIVE NUMBERS.
R  INDICATES RECORD WAS SET OR TIED.
MM INDICATES DATA IS MISSING.
T  INDICATES TRACE AMOUNT.




$$
