000
CDUS45 KTFX 052240
CLIDLN

CLIMATE REPORT
NATIONAL WEATHER SERVICE GREAT FALLS MT
440 PM MDT WED OCT 05 2022

...................................

...THE DILLON AIRPORT MT CLIMATE SUMMARY FOR OCTOBER 5 2022...
VALID TODAY AS OF 0400 PM LOCAL TIME.

CLIMATE NORMAL PERIOD 1991 TO 2020
CLIMATE RECORD PERIOD 1929 TO 2022


WEATHER ITEM   OBSERVED TIME   RECORD YEAR NORMAL DEPARTURE LAST
                VALUE   (LST)  VALUE       VALUE  FROM      YEAR
                                                  NORMAL
...................................................................
TEMPERATURE (F)
 TODAY
  MAXIMUM         71    259 PM  80    1958  61     10       78
  MINIMUM         37    632 AM  17    2000  33      4       41
                                      2001
  AVERAGE         54                        47      7       60

PRECIPITATION (IN)
  TODAY            0.00          0.53 1967   0.03  -0.03     0.00
  MONTH TO DATE    0.04                      0.15  -0.11     0.00
  SINCE OCT 1      0.04                      0.15  -0.11     0.00
  SINCE JAN 1      3.99                      8.63  -4.64     2.06

DEGREE DAYS
 HEATING
  TODAY           11                        18     -7        5
  MONTH TO DATE   64                        86    -22       45
  SINCE SEP 1    258                       402   -144      277
  SINCE JUL 1    289                       557   -268      385

 COOLING
  TODAY            0                         0      0        0
  MONTH TO DATE    0                         0      0        0
  SINCE SEP 1     45                         6     39       16
  SINCE JAN 1    256                       117    139      311
...................................................................


WIND (MPH)
  HIGHEST WIND SPEED    13   HIGHEST WIND DIRECTION    SW (210)
  HIGHEST GUST SPEED    17   HIGHEST GUST DIRECTION    SW (220)
  AVERAGE WIND SPEED     7.4


SKY COVER
  AVERAGE SKY COVER 0.0


WEATHER CONDITIONS
THE FOLLOWING WEATHER WAS RECORDED TODAY.
  NO SIGNIFICANT WEATHER WAS OBSERVED.


RELATIVE HUMIDITY (PERCENT)
 HIGHEST    86
 LOWEST     25
 AVERAGE    56

..........................................................


THE DILLON AIRPORT MT CLIMATE NORMALS FOR TOMORROW
                         NORMAL    RECORD    YEAR
 MAXIMUM TEMPERATURE (F)   60        80      1991
 MINIMUM TEMPERATURE (F)   33        13      2012


SUNRISE AND SUNSET
OCTOBER  5 2022.......SUNRISE   733 AM MDT   SUNSET   703 PM MDT
OCTOBER  6 2022.......SUNRISE   735 AM MDT   SUNSET   701 PM MDT


-  INDICATES NEGATIVE NUMBERS.
R  INDICATES RECORD WAS SET OR TIED.
MM INDICATES DATA IS MISSING.
T  INDICATES TRACE AMOUNT.




$$
