000
CDUS46 KPDT 290836
CLIDLS

CLIMATE REPORT
NATIONAL WEATHER SERVICE PENDLETON, OR
136 AM PDT THU SEP 29 2022

...................................

...THE DALLESPORT WA CLIMATE SUMMARY FOR SEPTEMBER 28 2022...

CLIMATE NORMAL PERIOD 1991 TO 2020
CLIMATE RECORD PERIOD 1948 TO 2022


WEATHER ITEM   OBSERVED TIME   RECORD YEAR NORMAL DEPARTURE LAST
                VALUE   (LST)  VALUE       VALUE  FROM      YEAR
                                                  NORMAL
...................................................................
TEMPERATURE (F)
 YESTERDAY
  MAXIMUM         77    310 PM  92    1967  76      1       67
  MINIMUM         62   1110 PM  34    1999  49     13       48
  AVERAGE         70                        63      7       58

PRECIPITATION (IN)
  YESTERDAY        T             0.40 2013   0.02  -0.02     0.00
  MONTH TO DATE    0.22                      0.30  -0.08     0.60
  SINCE OCT 1     12.97                     13.62  -0.65     8.66
  SINCE JAN 1      8.10                      7.83   0.27     3.55

DEGREE DAYS
 HEATING
  YESTERDAY        0                         4     -4        7
  MONTH TO DATE    2                        46    -44       27
  SINCE SEP 1      2                        46    -44       27
  SINCE JUL 1      2                        46    -44       27

 COOLING
  YESTERDAY        5                         1      4        0
  MONTH TO DATE  179                        92     87      122
  SINCE SEP 1    179                        92     87      122
  SINCE JAN 1   1280                       832    448     1372
...................................................................


WIND (MPH)
  RESULTANT WIND SPEED   8   RESULTANT WIND DIRECTION   W (290)
  HIGHEST WIND SPEED    24   HIGHEST WIND DIRECTION    NW (300)
  HIGHEST GUST SPEED    32   HIGHEST GUST DIRECTION    NW (300)


SKY COVER
  POSSIBLE SUNSHINE  MM
  AVERAGE SKY COVER 0.3


WEATHER CONDITIONS
THE FOLLOWING WEATHER WAS RECORDED YESTERDAY.
  NO SIGNIFICANT WEATHER WAS OBSERVED.


RELATIVE HUMIDITY (PERCENT)
 HIGHEST    65
 LOWEST     37
 AVERAGE    51

..........................................................


THE DALLESPORT WA CLIMATE NORMALS FOR TODAY
                         NORMAL    RECORD    YEAR
 MAXIMUM TEMPERATURE (F)   75        90      1996
 MINIMUM TEMPERATURE (F)   48        32      1983


SUNRISE AND SUNSET
SEPTEMBER 29 2022.....SUNRISE   701 AM PDT   SUNSET   648 PM PDT
SEPTEMBER 30 2022.....SUNRISE   702 AM PDT   SUNSET   646 PM PDT


-  INDICATES NEGATIVE NUMBERS.
R  INDICATES RECORD WAS SET OR TIED.
MM INDICATES DATA IS MISSING.
T  INDICATES TRACE AMOUNT.




$$
