000
CDUS45 KEPZ 302338
CLIDMN

CLIMATE REPORT
NATIONAL WEATHER SERVICE EL PASO TX/SANTA TERESA NM
538 PM MDT FRI SEP 30 2022

...................................

...THE DEMING CLIMATE SUMMARY FOR SEPTEMBER 30 2022...
VALID TODAY AS OF 0500 PM LOCAL TIME.

CLIMATE NORMAL PERIOD 1991 TO 2020
CLIMATE RECORD PERIOD 2000 TO 2022


WEATHER ITEM   OBSERVED TIME   NORMAL DEPARTURE LAST
                VALUE   (LST)  VALUE  FROM      YEAR
                                      NORMAL
.......................................................
TEMPERATURE (F)
 TODAY
  MAXIMUM         83    328 PM  83      0       67
  MINIMUM         60    707 AM  54      6       56

PRECIPITATION (IN)
  TODAY            0.00          0.03  -0.03     0.36
  MONTH TO DATE    0.49          1.15  -0.66     1.33
  SINCE SEP 1      0.49          1.15  -0.66     1.33
  SINCE JAN 1      7.35          7.37  -0.02     5.40

.......................................................


WIND (MPH)
  HIGHEST WIND SPEED    13   HIGHEST WIND DIRECTION    SE (120)
  HIGHEST GUST SPEED    19   HIGHEST GUST DIRECTION    SE (130)


SKY COVER
  AVERAGE SKY COVER 0.1


WEATHER CONDITIONS
THE FOLLOWING WEATHER WAS RECORDED TODAY.
  NO SIGNIFICANT WEATHER WAS OBSERVED.


RELATIVE HUMIDITY (PERCENT)
 HIGHEST    42           700 AM
 LOWEST     25           400 PM
 AVERAGE    34

..........................................................



SUNRISE AND SUNSET
SEPTEMBER 30 2022.....SUNRISE   704 AM MDT   SUNSET   657 PM MDT
OCTOBER  1 2022.......SUNRISE   705 AM MDT   SUNSET   655 PM MDT


-  INDICATES NEGATIVE NUMBERS.
R  INDICATES RECORD WAS SET OR TIED.
MM INDICATES DATA IS MISSING.
T  INDICATES TRACE AMOUNT.




$$
