000
CDUS43 KEAX 020633
CLIDMO

CLIMATE REPORT
NATIONAL WEATHER SERVICE KANSAS CITY/PLEASANT HILL MO
133 AM CDT SUN OCT 02 2022

...................................

...THE SEDALIA MO CLIMATE SUMMARY FOR OCTOBER 1 2022...

CLIMATE NORMAL PERIOD: 1991 TO 2020
CLIMATE RECORD PERIOD: 9999 TO 9999


WEATHER ITEM   OBSERVED TIME   NORMAL DEPARTURE LAST
                VALUE   (LST)  VALUE  FROM      YEAR
                                      NORMAL
.......................................................
TEMPERATURE (F)
 YESTERDAY
  MAXIMUM         78   3:53 PM  73      5       80
  MINIMUM         44   6:32 AM  51     -7       66
  AVERAGE         61            62     -1       73

PRECIPITATION (IN)
  YESTERDAY        0.00          0.11  -0.11     0.17
  MONTH TO DATE    0.00          0.11  -0.11     0.17
  SINCE SEP 1      1.27          3.12  -1.85     1.81
  SINCE JAN 1     30.49         29.10   1.39    33.52

DEGREE DAYS
 HEATING
  YESTERDAY        4             5     -1        0
  MONTH TO DATE    4             5     -1        0
  SINCE SEP 1     34            61    -27        8
  SINCE JUL 1     34            64    -30        8

 COOLING
  YESTERDAY        0             2     -2        8
  MONTH TO DATE    0             2     -2        8
  SINCE SEP 1    212           142     70      281
  SINCE JAN 1   1634          1238    396     1589
.......................................................


WIND (MPH)
  HIGHEST WIND SPEED    13   HIGHEST WIND DIRECTION    NE (60)
  HIGHEST GUST SPEED    20   HIGHEST GUST DIRECTION     E (70)
  AVERAGE WIND SPEED     3.9


SKY COVER
  AVERAGE SKY COVER 0.0


WEATHER CONDITIONS
THE FOLLOWING WEATHER WAS RECORDED YESTERDAY.
  NO SIGNIFICANT WEATHER WAS OBSERVED.


RELATIVE HUMIDITY (PERCENT)
 HIGHEST    89           6:00 AM
 LOWEST     25           4:00 PM
 AVERAGE    57

..........................................................


THE SEDALIA MO CLIMATE NORMALS FOR TODAY
                         NORMAL




SUNRISE AND SUNSET
OCTOBER  2 2022.......SUNRISE   7:09 AM CDT   SUNSET   6:53 PM CDT
OCTOBER  3 2022.......SUNRISE   7:10 AM CDT   SUNSET   6:52 PM CDT


-  INDICATES NEGATIVE NUMBERS.
R  INDICATES RECORD WAS SET OR TIED.
MM INDICATES DATA IS MISSING.
T  INDICATES TRACE AMOUNT.




$$
