000
CDUS42 KCAE 052123
CLIDNL

CLIMATE REPORT
NATIONAL WEATHER SERVICE COLUMBIA SC
523 PM EDT WED OCT 05 2022

...................................

...THE AUGUSTA DANIEL FIELD GA CLIMATE SUMMARY FOR OCTOBER 5 2022...
VALID TODAY AS OF 0500 PM LOCAL TIME.

CLIMATE NORMAL PERIOD: 1991 TO 2020
CLIMATE RECORD PERIOD: 9999 TO 9999


WEATHER ITEM   OBSERVED TIME   NORMAL DEPARTURE LAST
                VALUE   (LST)  VALUE  FROM      YEAR
                                      NORMAL
.......................................................
TEMPERATURE (F)
 TODAY
  MAXIMUM         80   3:44 PM  82     -2       85
  MINIMUM         52   6:41 AM  63    -11       71
  AVERAGE         66            72     -6

PRECIPITATION (IN)
  TODAY            0.00          0.11  -0.11     0.04
  MONTH TO DATE    T             0.58  -0.58     0.05
  SINCE SEP 1      1.96          4.61  -2.65     5.82
  SINCE JAN 1     25.24         36.10 -10.86    36.67

DEGREE DAYS
 HEATING
  TODAY            0             0      0        0
  MONTH TO DATE    2             0      2        0
  SINCE SEP 1      7             2      5        0
  SINCE JUL 1      7             2      5        0

 COOLING
  TODAY            1             8     -7       13
  MONTH TO DATE    7            42    -35       65
  SINCE SEP 1    353           427    -74      434
  SINCE JAN 1   2581          2522     59     2528
.......................................................


WIND (MPH)
  HIGHEST WIND SPEED    10   HIGHEST WIND DIRECTION    NW (310)
  HIGHEST GUST SPEED    16   HIGHEST GUST DIRECTION    NW (310)
  AVERAGE WIND SPEED     5.7


SKY COVER
  AVERAGE SKY COVER 0.0


WEATHER CONDITIONS
THE FOLLOWING WEATHER WAS RECORDED TODAY.
  NO SIGNIFICANT WEATHER WAS OBSERVED.


RELATIVE HUMIDITY (PERCENT)
 HIGHEST    66           6:00 AM
 LOWEST     19           3:00 PM

..........................................................


THE AUGUSTA DANIEL FIELD GA CLIMATE NORMALS FOR TOMORROW
                         NORMAL    RECORD    YEAR
 MAXIMUM TEMPERATURE (F)   81        MM        MM
 MINIMUM TEMPERATURE (F)   62        MM        MM


SUNRISE AND SUNSET
OCTOBER  5 2022.......SUNRISE   7:25 AM EDT   SUNSET   7:07 PM EDT
OCTOBER  6 2022.......SUNRISE   7:26 AM EDT   SUNSET   7:06 PM EDT


-  INDICATES NEGATIVE NUMBERS.
R  INDICATES RECORD WAS SET OR TIED.
MM INDICATES DATA IS MISSING.
T  INDICATES TRACE AMOUNT.




$$
