000
CDUS45 KVEF 290821
CLIDRA

CLIMATE REPORT
NATIONAL WEATHER SERVICE LAS VEGAS, NV
121 AM PDT THU SEP 29 2022

...................................

...THE DESERT ROCK-MERCURY NV CLIMATE SUMMARY FOR SEPTEMBER 28 2022...

CLIMATE NORMAL PERIOD: 1991 TO 2020
CLIMATE RECORD PERIOD: 1978 TO 2022


WEATHER ITEM   OBSERVED TIME   RECORD YEAR NORMAL DEPARTURE LAST
                VALUE   (LST)  VALUE       VALUE  FROM      YEAR
                                                  NORMAL
...................................................................
TEMPERATURE (F)
 YESTERDAY
  MAXIMUM         90        MM 101    2010  86      4       80
  MINIMUM         67        MM  42    1982  57     10       64
  AVERAGE         79                        72      7       72

PRECIPITATION (IN)
  YESTERDAY        T   R         T    1983   0.01  -0.01     0.00
                                      2008
  MONTH TO DATE    0.70                      0.36   0.34      T
  SINCE OCT 1      3.06                      5.20  -2.14     1.84
  SINCE JAN 1      1.58                      3.93  -2.35     1.78

SNOWFALL (IN)
  YESTERDAY        0.0          MM      MM   0.0             0.0
  MONTH TO DATE    0.0                       0.0             0.0
  SINCE SEP 1      0.0                       0.0             0.0
  SINCE JUL 1      0.0                       0.0             0.0

DEGREE DAYS
 HEATING
  YESTERDAY        0                         1     -1        0
  MONTH TO DATE    0                         2     -2        0
  SINCE SEP 1      0                         2     -2        0
  SINCE JUL 1      0                         2     -2        0

 COOLING
  YESTERDAY       14                         7      7        7
  MONTH TO DATE  416                       331     85      405
  SINCE SEP 1    416                       331     85      405
  SINCE JAN 1   2532                      2244    288     2656
...................................................................


WIND (MPH)
  RESULTANT WIND SPEED   5   RESULTANT WIND DIRECTION   E (90)
  HIGHEST WIND SPEED    21   HIGHEST WIND DIRECTION     E (110)
  HIGHEST GUST SPEED    36   HIGHEST GUST DIRECTION     E (110)
  AVERAGE WIND SPEED     7.0


SKY COVER
  AVERAGE SKY COVER 0.2


WEATHER CONDITIONS
THE FOLLOWING WEATHER WAS RECORDED YESTERDAY.
  LIGHT RAIN


RELATIVE HUMIDITY (PERCENT)
 HIGHEST    41          11:00 PM
 LOWEST     22           9:00 AM
 AVERAGE    32

..........................................................


THE DESERT ROCK-MERCURY NV CLIMATE NORMALS FOR TODAY
                         NORMAL    RECORD    YEAR
 MAXIMUM TEMPERATURE (F)   86        99      2010
 MINIMUM TEMPERATURE (F)   57        44      1982


SUNRISE AND SUNSET
SEPTEMBER 29 2022.....SUNRISE   6:38 AM PDT   SUNSET   6:30 PM PDT
SEPTEMBER 30 2022.....SUNRISE   6:39 AM PDT   SUNSET   6:29 PM PDT


-  INDICATES NEGATIVE NUMBERS.
R  INDICATES RECORD WAS SET OR TIED.
MM INDICATES DATA IS MISSING.
T  INDICATES TRACE AMOUNT.




$$
