000
CDUS45 KGJT 290737
CLIDRO

CLIMATE REPORT
NATIONAL WEATHER SERVICE GRAND JUNCTION CO
137 AM MDT THU SEP 29 2022

...................................

...THE DURANGO AIRPORT CO CLIMATE SUMMARY FOR SEPTEMBER 28 2022...

CLIMATE NORMAL PERIOD 1991 TO 2020
CLIMATE RECORD PERIOD 9999 TO 9999


WEATHER ITEM   OBSERVED TIME   RECORD YEAR NORMAL DEPARTURE LAST
                VALUE   (LST)  VALUE       VALUE  FROM      YEAR
                                                  NORMAL
...................................................................
TEMPERATURE (F)
 YESTERDAY
  MAXIMUM         77    327 PM  MM      MM  72      5       66
  MINIMUM         44    536 AM  MM      MM  38      6       42
  AVERAGE         61                        55      6       54

PRECIPITATION (IN)
  YESTERDAY        0.00         MM      MM   0.06  -0.06     0.17
  MONTH TO DATE    2.32                      1.87   0.45     1.12
  SINCE SEP 1      2.32                      1.87   0.45     1.12
  SINCE JAN 1      9.31                      9.98  -0.67     8.75

SNOWFALL (IN)
  YESTERDAY       MM            MM      MM  MM     MM       MM
  MONTH TO DATE   MM                        MM     MM       MM
  SINCE SEP 1     MM                        MM     MM       MM
  SINCE JUL 1     MM                        MM     MM       MM
  SNOW DEPTH      MM

DEGREE DAYS
 HEATING
  YESTERDAY        4                        10     -6       11
  MONTH TO DATE   66                       152    -86       83
  SINCE SEP 1     66                       152    -86       83
  SINCE JUL 1     67                       176   -109       86

 COOLING
  YESTERDAY        0                         0      0        0
  MONTH TO DATE   54                         8     46       30
  SINCE SEP 1     54                         8     46       30
  SINCE JAN 1    511                       288    223      455
...................................................................


WIND (MPH)
  HIGHEST WIND SPEED    15   HIGHEST WIND DIRECTION    NE (30)
  HIGHEST GUST SPEED    25   HIGHEST GUST DIRECTION    SE (150)
  AVERAGE WIND SPEED     4.0


SKY COVER
  POSSIBLE SUNSHINE  MM
  AVERAGE SKY COVER 0.3


WEATHER CONDITIONS
THE FOLLOWING WEATHER WAS RECORDED YESTERDAY.
  NO SIGNIFICANT WEATHER WAS OBSERVED.


RELATIVE HUMIDITY (PERCENT)
 HIGHEST    80           700 AM
 LOWEST     27           400 PM
 AVERAGE    54

..........................................................


THE DURANGO AIRPORT CO CLIMATE NORMALS FOR TODAY
                         NORMAL    RECORD    YEAR
 MAXIMUM TEMPERATURE (F)   71        MM        MM
 MINIMUM TEMPERATURE (F)   38        MM        MM


SUNRISE AND SUNSET
SEPTEMBER 29 2022.....SUNRISE   705 AM MDT   SUNSET   657 PM MDT
SEPTEMBER 30 2022.....SUNRISE   706 AM MDT   SUNSET   656 PM MDT


-  INDICATES NEGATIVE NUMBERS.
R  INDICATES RECORD WAS SET OR TIED.
MM INDICATES DATA IS MISSING.
T  INDICATES TRACE AMOUNT.




$$
