000
CDUS43 KDMX 010627
CLIDSM

CLIMATE REPORT
NATIONAL WEATHER SERVICE DES MOINES IA
127 AM CDT SAT OCT 01 2022

...................................

...THE DES MOINES IA CLIMATE SUMMARY FOR SEPTEMBER 30 2022...

CLIMATE NORMAL PERIOD 1991 TO 2020
CLIMATE RECORD PERIOD 1878 TO 2022


WEATHER ITEM   OBSERVED TIME   RECORD YEAR NORMAL DEPARTURE LAST
                VALUE   (LST)  VALUE       VALUE  FROM      YEAR
                                                  NORMAL
...................................................................
TEMPERATURE (F)
 YESTERDAY
  MAXIMUM         72    350 PM  92    1952  71      1       86
  MINIMUM         47    607 AM  26    1899  50     -3       65
  AVERAGE         60                        60      0       76

PRECIPITATION (IN)
  YESTERDAY        0.00          2.19 1911   0.10  -0.10     0.03
  MONTH TO DATE    3.52                      3.18   0.34     0.83
  SINCE SEP 1      3.52                      3.18   0.34     0.83
  SINCE JAN 1     24.64                     30.28  -5.64    20.27

SNOWFALL (IN)
  YESTERDAY        0.0           T    1985   0.0    0.0      0.0
  MONTH TO DATE    0.0                       0.0    0.0      0.0
  SINCE SEP 1      0.0                       0.0    0.0      0.0
  SINCE JUL 1      0.0                       0.0    0.0      0.0
  SNOW DEPTH       0

DEGREE DAYS
 HEATING
  YESTERDAY        5                         6     -1        0
  MONTH TO DATE   65                        88    -23       21
  SINCE SEP 1     65                        88    -23       21
  SINCE JUL 1     65                        93    -28       21

 COOLING
  YESTERDAY        0                         2     -2       11
  MONTH TO DATE  156                       120     36      191
  SINCE SEP 1    156                       120     36      191
  SINCE JAN 1   1316                      1055    261     1344
...................................................................


WIND (MPH)
  HIGHEST WIND SPEED    17   HIGHEST WIND DIRECTION    SE (140)
  HIGHEST GUST SPEED    25   HIGHEST GUST DIRECTION    SE (130)
  AVERAGE WIND SPEED     9.6


SKY COVER
  AVERAGE SKY COVER 0.3


WEATHER CONDITIONS
THE FOLLOWING WEATHER WAS RECORDED YESTERDAY.
  HAZE


RELATIVE HUMIDITY (PERCENT)
 HIGHEST    80           400 AM
 LOWEST     34           300 PM
 AVERAGE    57

..........................................................


THE DES MOINES IA CLIMATE NORMALS FOR TODAY
                         NORMAL    RECORD    YEAR
 MAXIMUM TEMPERATURE (F)   71        92      1976
 MINIMUM TEMPERATURE (F)   49        29      1985


SUNRISE AND SUNSET
OCTOBER  1 2022.......SUNRISE   711 AM CDT   SUNSET   656 PM CDT
OCTOBER  2 2022.......SUNRISE   713 AM CDT   SUNSET   655 PM CDT


-  INDICATES NEGATIVE NUMBERS.
R  INDICATES RECORD WAS SET OR TIED.
MM INDICATES DATA IS MISSING.
T  INDICATES TRACE AMOUNT.




$$
