000
CDUS43 KDTX 260542
CLIDTW

CLIMATE REPORT
NATIONAL WEATHER SERVICE DETROIT/PONTIAC MI
142 AM EDT MON SEP 26 2022

...................................

...THE DETROIT MI CLIMATE SUMMARY FOR SEPTEMBER 25 2022...

CLIMATE NORMAL PERIOD 1991 TO 2020
CLIMATE RECORD PERIOD 1874 TO 2022


WEATHER ITEM   OBSERVED TIME   RECORD YEAR NORMAL DEPARTURE LAST
                VALUE   (LST)  VALUE       VALUE  FROM      YEAR
                                                  NORMAL
...................................................................
TEMPERATURE (F)
 YESTERDAY
  MAXIMUM         65   1248 PM  93    1891  71     -6       66
  MINIMUM         54   1100 PM  34    1879  52      2       49
  AVERAGE         60                        61     -1       58

PRECIPITATION (IN)
  YESTERDAY        0.24          2.51 2018   0.10   0.14     0.18
  MONTH TO DATE    0.99                      2.77  -1.78     5.43
  SINCE SEP 1      0.99                      2.77  -1.78     5.43
  SINCE JAN 1     19.39                     26.52  -7.13    29.36

SNOWFALL (IN)
  YESTERDAY        0.0           0.0    MM   0.0    0.0      0.0
  MONTH TO DATE    0.0                       0.0    0.0      0.0
  SINCE SEP 1      0.0                       0.0    0.0      0.0
  SINCE JUL 1      0.0                       0.0    0.0      0.0
  SNOW DEPTH       0

DEGREE DAYS
 HEATING
  YESTERDAY        5                         5      0        7
  MONTH TO DATE   29                        62    -33       34
  SINCE SEP 1     29                        62    -33       34
  SINCE JUL 1     29                        71    -42       34

 COOLING
  YESTERDAY        0                         2     -2        0
  MONTH TO DATE  138                        84     54      101
  SINCE SEP 1    138                        84     54      101
  SINCE JAN 1   1043                       831    212     1051
...................................................................


WIND (MPH)
  HIGHEST WIND SPEED    17   HIGHEST WIND DIRECTION     W (290)
  HIGHEST GUST SPEED    26   HIGHEST GUST DIRECTION    NW (310)
  AVERAGE WIND SPEED     7.7


SKY COVER
  POSSIBLE SUNSHINE  MM
  AVERAGE SKY COVER 0.8


WEATHER CONDITIONS
THE FOLLOWING WEATHER WAS RECORDED YESTERDAY.
  RAIN
  LIGHT RAIN
  FOG
  HAZE


RELATIVE HUMIDITY (PERCENT)
 HIGHEST    96           400 AM
 LOWEST     70          1200 PM
 AVERAGE    83

..........................................................


THE DETROIT MI CLIMATE NORMALS FOR TODAY
                         NORMAL    RECORD    YEAR
 MAXIMUM TEMPERATURE (F)   71        93      2017
 MINIMUM TEMPERATURE (F)   51        30      1883


SUNRISE AND SUNSET
SEPTEMBER 26 2022.....SUNRISE   725 AM EDT   SUNSET   723 PM EDT
SEPTEMBER 27 2022.....SUNRISE   726 AM EDT   SUNSET   722 PM EDT


-  INDICATES NEGATIVE NUMBERS.
R  INDICATES RECORD WAS SET OR TIED.
MM INDICATES DATA IS MISSING.
T  INDICATES TRACE AMOUNT.




$$
