000
CDUS41 KPBZ 260540
CLIDUJ

CLIMATE REPORT
NATIONAL WEATHER SERVICE PITTSBURGH PA
140 AM EDT MON SEP 26 2022

...................................

...THE DUBOIS PA CLIMATE SUMMARY FOR SEPTEMBER 25 2022...

CLIMATE NORMAL PERIOD 1991 TO 2020
CLIMATE RECORD PERIOD 1960 TO 2022


WEATHER ITEM   OBSERVED TIME   RECORD YEAR NORMAL DEPARTURE LAST
                VALUE   (LST)  VALUE       VALUE  FROM      YEAR
                                                  NORMAL
...................................................................
TEMPERATURE (F)
 YESTERDAY
  MAXIMUM         64   1158 AM  87    2007  68     -4       68
  MINIMUM         54    150 AM  34    1989  48      6       45
  AVERAGE         59                        58      1       57

PRECIPITATION (IN)
  YESTERDAY        0.34         MM      MM   0.13   0.21     0.05
  MONTH TO DATE    3.60                      3.35   0.25     3.41
  SINCE SEP 1      3.60                      3.35   0.25     3.41
  SINCE JAN 1     33.06                     32.24   0.82    30.42

DEGREE DAYS
 HEATING
  YESTERDAY        6                         8     -2        8
  MONTH TO DATE   55                       114    -59       58
  SINCE SEP 1     55                       114    -59       58
  SINCE JUL 1     62                       166   -104       70

 COOLING
  YESTERDAY        0                         0      0        0
  MONTH TO DATE   48                        37     11       41
  SINCE SEP 1     48                        37     11       41
  SINCE JAN 1    597                       408    189      658
...................................................................


WIND (MPH)
  HIGHEST WIND SPEED    20   HIGHEST WIND DIRECTION    SW (230)
  HIGHEST GUST SPEED    30   HIGHEST GUST DIRECTION     S (200)
  AVERAGE WIND SPEED     9.4


SKY COVER
  POSSIBLE SUNSHINE  MM
  AVERAGE SKY COVER 1.0


WEATHER CONDITIONS
THE FOLLOWING WEATHER WAS RECORDED YESTERDAY.
  THUNDERSTORM
  HEAVY RAIN
  RAIN
  LIGHT RAIN
  FOG
  HAZE


RELATIVE HUMIDITY (PERCENT)
 HIGHEST    90           800 AM
 LOWEST     69          1200 AM
 AVERAGE    80

..........................................................


THE DUBOIS PA CLIMATE NORMALS FOR TODAY
                         NORMAL    RECORD    YEAR
 MAXIMUM TEMPERATURE (F)   67        86      2017
 MINIMUM TEMPERATURE (F)   47        34      1966


SUNRISE AND SUNSET
SEPTEMBER 26 2022.....SUNRISE   707 AM EDT   SUNSET   706 PM EDT
SEPTEMBER 27 2022.....SUNRISE   708 AM EDT   SUNSET   704 PM EDT


-  INDICATES NEGATIVE NUMBERS.
R  INDICATES RECORD WAS SET OR TIED.
MM INDICATES DATA IS MISSING.
T  INDICATES TRACE AMOUNT.




$$
