000
CDUS43 KFGF 020636
CLIDVL

CLIMATE REPORT
NATIONAL WEATHER SERVICE GRAND FORKS
136 AM CDT SUN OCT 02 2022

...................................

...THE DEVILS LAKE ND CLIMATE SUMMARY FOR OCTOBER 1 2022...

CLIMATE NORMAL PERIOD 1991 TO 2020
CLIMATE RECORD PERIOD 1921 TO 2022


WEATHER ITEM   OBSERVED TIME   RECORD YEAR NORMAL DEPARTURE LAST
                VALUE   (LST)  VALUE       VALUE  FROM      YEAR
                                                  NORMAL
...................................................................
TEMPERATURE (F)
 YESTERDAY
  MAXIMUM         64        MM  89    1976  61      3       62
  MINIMUM         50        MM  18    1936  41      9       49
  AVERAGE         57                        51      6       56

PRECIPITATION (IN)
  YESTERDAY        T             0.45 1981  MM     MM        0.09
  MONTH TO DATE    T                         0.00   0.00     0.09
  SINCE SEP 1      0.44                      1.96  -1.52     2.75
  SINCE JAN 1     13.43                     16.90  -3.47     8.97

DEGREE DAYS
 HEATING
  YESTERDAY        8                        14     -6        9
  MONTH TO DATE    8                        14     -6        9
  SINCE SEP 1    176                       247    -71      117
  SINCE JUL 1    200                       289    -89      156

 COOLING
  YESTERDAY        0                         0      0        0
  MONTH TO DATE    0                         0      0        0
  SINCE SEP 1     34                         6     28       28
  SINCE JAN 1    457                       254    203      644
...................................................................


WIND (MPH)
  HIGHEST WIND SPEED    17   HIGHEST WIND DIRECTION    NE (50)
  HIGHEST GUST SPEED    21   HIGHEST GUST DIRECTION    NE (60)
  AVERAGE WIND SPEED    11.7


SKY COVER
  AVERAGE SKY COVER 0.3


WEATHER CONDITIONS
THE FOLLOWING WEATHER WAS RECORDED YESTERDAY.
  LIGHT RAIN


RELATIVE HUMIDITY (PERCENT)
 HIGHEST    93
 LOWEST     63
 AVERAGE    78

..........................................................


THE DEVILS LAKE ND CLIMATE NORMALS FOR TODAY
                         NORMAL    RECORD    YEAR
 MAXIMUM TEMPERATURE (F)   61        88      1992
 MINIMUM TEMPERATURE (F)   40        24      1993


SUNRISE AND SUNSET
OCTOBER  2 2022.......SUNRISE   736 AM CDT   SUNSET   713 PM CDT
OCTOBER  3 2022.......SUNRISE   738 AM CDT   SUNSET   710 PM CDT


-  INDICATES NEGATIVE NUMBERS.
R  INDICATES RECORD WAS SET OR TIED.
MM INDICATES DATA IS MISSING.
T  INDICATES TRACE AMOUNT.




$$
