000
CDUS43 KDVN 290621
CLIDVN

CLIMATE REPORT
NATIONAL WEATHER SERVICE QUAD CITIES IA IL
121 AM CDT THU SEP 29 2022

...................................

...THE DAVENPORT IA CLIMATE SUMMARY FOR SEPTEMBER 28 2022...

CLIMATE NORMAL PERIOD 1991 TO 2020
CLIMATE RECORD PERIOD 9999 TO 9999


WEATHER ITEM   OBSERVED TIME   RECORD YEAR NORMAL DEPARTURE LAST
                VALUE   (LST)  VALUE       VALUE  FROM      YEAR
                                                  NORMAL
...................................................................
TEMPERATURE (F)
 YESTERDAY
  MAXIMUM         63    326 PM  MM      MM  72     -9       83
  MINIMUM         35    558 AM  MM      MM  48    -13       54
  AVERAGE         49                        60    -11       69

PRECIPITATION (IN)
  YESTERDAY        0.00         MM      MM   0.10  -0.10     0.00
  MONTH TO DATE    4.93                      3.28   1.65     0.63
  SINCE SEP 1      4.93                      3.28   1.65     0.63
  SINCE JAN 1     28.36                     29.39  -1.03    22.21

SNOWFALL (IN)
  YESTERDAY        0.0                                       0.0
  MONTH TO DATE    T                                         0.0
  SINCE SEP 1      T                                         0.0
  SINCE JUL 1      T                                         0.0
  SNOW DEPTH       0

DEGREE DAYS
 HEATING
  YESTERDAY       16                         6     10        0
  MONTH TO DATE   77                        90    -13       25
  SINCE SEP 1     77                        90    -13       25
  SINCE JUL 1     79                       102    -23       25

 COOLING
  YESTERDAY        0                         2     -2        4
  MONTH TO DATE  115                        90     25      127
  SINCE SEP 1    115                        90     25      127
  SINCE JAN 1   1002                       861    141     1043
...................................................................


WIND (MPH)
  HIGHEST WIND SPEED    13   HIGHEST WIND DIRECTION    NE (30)
  HIGHEST GUST SPEED    17   HIGHEST GUST DIRECTION     N (20)
  AVERAGE WIND SPEED     5.7


SKY COVER
  POSSIBLE SUNSHINE  MM
  AVERAGE SKY COVER 0.0


WEATHER CONDITIONS
THE FOLLOWING WEATHER WAS RECORDED YESTERDAY.
  NO SIGNIFICANT WEATHER WAS OBSERVED.


RELATIVE HUMIDITY (PERCENT)
 HIGHEST    92           700 AM
 LOWEST     32           300 PM
 AVERAGE    62

..........................................................


THE DAVENPORT IA CLIMATE NORMALS FOR TODAY
                         NORMAL    RECORD    YEAR
 MAXIMUM TEMPERATURE (F)   71        MM        MM
 MINIMUM TEMPERATURE (F)   48        MM        MM


SUNRISE AND SUNSET
SEPTEMBER 29 2022.....SUNRISE   657 AM CDT   SUNSET   647 PM CDT
SEPTEMBER 30 2022.....SUNRISE   658 AM CDT   SUNSET   646 PM CDT


-  INDICATES NEGATIVE NUMBERS.
R  INDICATES RECORD WAS SET OR TIED.
MM INDICATES DATA IS MISSING.
T  INDICATES TRACE AMOUNT.




$$
