000
CDUS46 KOTX 010445
CLIEAT

CLIMATE REPORT
NATIONAL WEATHER SERVICE SPOKANE WA
945 PM PDT FRI SEP 30 2022

...................................

...THE WENATCHEE WA PANGBORN FIELD CLIMATE SUMMARY FOR SEPTEMBER 30 2022...
VALID TODAY AS OF 0900 PM LOCAL TIME.

CLIMATE NORMAL PERIOD 1991 TO 2020
CLIMATE RECORD PERIOD 1959 TO 2022


WEATHER ITEM   OBSERVED TIME   RECORD YEAR NORMAL DEPARTURE LAST
                VALUE   (LST)  VALUE       VALUE  FROM      YEAR
                                                  NORMAL
...................................................................
TEMPERATURE (F)
 TODAY
  MAXIMUM         76    245 PM  85    1970  70      6       64
  MINIMUM         55    638 AM  34    1985  48      7       47
  AVERAGE         66                        59      7       56

PRECIPITATION (IN)
  TODAY            0.00          0.11 2007   0.01  -0.01      T
  MONTH TO DATE    0.54                      0.23   0.31     0.24
  SINCE OCT 1      8.79                      7.83   0.96     6.23
  SINCE JAN 1      6.30                      5.05   1.25     3.25

DEGREE DAYS
 HEATING
  TODAY            0                         7     -7        9
  MONTH TO DATE   19                        91    -72       89
  SINCE SEP 1     19                        91    -72       89
  SINCE JUL 1     19                       104    -85       94

 COOLING
  TODAY            1                         0      1        0
  MONTH TO DATE  108                        79     29       66
  SINCE SEP 1    108                        79     29       66
  SINCE JAN 1   1010                       805    205     1228
...................................................................


WIND (MPH)
  HIGHEST WIND SPEED    15   HIGHEST WIND DIRECTION    NW (320)
  HIGHEST GUST SPEED    19   HIGHEST GUST DIRECTION    NW (320)
  AVERAGE WIND SPEED     7.6


SKY COVER
  POSSIBLE SUNSHINE  MM
  AVERAGE SKY COVER 0.0


WEATHER CONDITIONS
THE FOLLOWING WEATHER WAS RECORDED TODAY.
  HAZE


RELATIVE HUMIDITY (PERCENT)
 HIGHEST    70           800 PM
 LOWEST     36           200 PM
 AVERAGE    53

..........................................................


THE WENATCHEE WA PANGBORN FIELD CLIMATE NORMALS FOR TOMORROW
                         NORMAL    RECORD    YEAR
 MAXIMUM TEMPERATURE (F)   70        87      1992
 MINIMUM TEMPERATURE (F)   47        35      1983


SUNRISE AND SUNSET
SEPTEMBER 30 2022.....SUNRISE   659 AM PDT   SUNSET   642 PM PDT
OCTOBER  1 2022.......SUNRISE   700 AM PDT   SUNSET   640 PM PDT


-  INDICATES NEGATIVE NUMBERS.
R  INDICATES RECORD WAS SET OR TIED.
MM INDICATES DATA IS MISSING.
T  INDICATES TRACE AMOUNT.




$$
