000
CDUS43 KMPX 020652
CLIEAU

CLIMATE REPORT
NATIONAL WEATHER SERVICE TWIN CITIES/CHANHASSEN MN
152 AM CDT SUN OCT 02 2022

...................................

...THE EAU CLAIRE WI CLIMATE SUMMARY FOR OCTOBER 1 2022...

CLIMATE NORMAL PERIOD 1991 TO 2020
CLIMATE RECORD PERIOD 1893 TO 2022


WEATHER ITEM   OBSERVED TIME   RECORD YEAR NORMAL DEPARTURE LAST
                VALUE   (LST)  VALUE       VALUE  FROM      YEAR
                                                  NORMAL
...................................................................
TEMPERATURE (F)
 YESTERDAY
  MAXIMUM         61    319 PM  89    1976  66     -5       83
  MINIMUM         46   1235 AM  25    1974  43      3       57
                                      2003
  AVERAGE         54                        54      0       70

PRECIPITATION (IN)
  YESTERDAY        T             2.77 1901   0.10  -0.10     0.51
  MONTH TO DATE    T                         0.10  -0.10     0.51
  SINCE SEP 1      2.30                      3.75  -1.45     2.36
  SINCE JAN 1     25.27                     27.46  -2.19    29.20

SNOWFALL (IN)
  YESTERDAY        0.0           T    1985   0.0    0.0      0.0
                                      1987
  MONTH TO DATE    0.0                       0.0    0.0      0.0
  SINCE SEP 1      0.0                       0.0    0.0      0.0
  SINCE JUL 1      0.0                       0.0    0.0      0.0
  SNOW DEPTH       0

DEGREE DAYS
 HEATING
  YESTERDAY       11                        11      0        0
  MONTH TO DATE   11                        11      0        0
  SINCE SEP 1    165                       190    -25       89
  SINCE JUL 1    169                       229    -60       94

 COOLING
  YESTERDAY        0                         0      0        5
  MONTH TO DATE    0                         0      0        5
  SINCE SEP 1     68                        53     15       43
  SINCE JAN 1    636                       563     73      779
...................................................................


WIND (MPH)
  HIGHEST WIND SPEED     8   HIGHEST WIND DIRECTION    NE (60)
  HIGHEST GUST SPEED    10   HIGHEST GUST DIRECTION     N (340)
  AVERAGE WIND SPEED     3.1


SKY COVER
  POSSIBLE SUNSHINE  MM
  AVERAGE SKY COVER 0.6


WEATHER CONDITIONS
THE FOLLOWING WEATHER WAS RECORDED YESTERDAY.
  LIGHT RAIN
  FOG


RELATIVE HUMIDITY (PERCENT)
 HIGHEST    97           300 AM
 LOWEST     69          1200 PM
 AVERAGE    83

..........................................................


THE EAU CLAIRE WI CLIMATE NORMALS FOR TODAY
                         NORMAL    RECORD    YEAR
 MAXIMUM TEMPERATURE (F)   65        89      1953
 MINIMUM TEMPERATURE (F)   42        19      1974


SUNRISE AND SUNSET
OCTOBER  2 2022.......SUNRISE   705 AM CDT   SUNSET   644 PM CDT
OCTOBER  3 2022.......SUNRISE   706 AM CDT   SUNSET   643 PM CDT


-  INDICATES NEGATIVE NUMBERS.
R  INDICATES RECORD WAS SET OR TIED.
MM INDICATES DATA IS MISSING.
T  INDICATES TRACE AMOUNT.




$$
