000
CDUS42 KAKQ 290537
CLIECG

CLIMATE REPORT
NATIONAL WEATHER SERVICE WAKEFIELD VA
137 AM EDT THU SEP 29 2022

...................................

...THE ELIZABETH CITY NC CLIMATE SUMMARY FOR SEPTEMBER 28 2022...

CLIMATE NORMAL PERIOD: 1991 TO 2020
CLIMATE RECORD PERIOD: 1934 TO 2022


WEATHER ITEM   OBSERVED TIME   RECORD YEAR NORMAL DEPARTURE LAST
                VALUE   (LST)  VALUE       VALUE  FROM      YEAR
                                                  NORMAL
...................................................................
TEMPERATURE (F)
 YESTERDAY
  MAXIMUM         73   3:01 PM  91    1998  79     -6       86
  MINIMUM         54  12:41 AM  44    1943  61     -7       62
  AVERAGE         64                        70     -6       74

PRECIPITATION (IN)
  YESTERDAY        0.00          2.88 1972   0.14  -0.14     0.00
  MONTH TO DATE    0.86                      4.25  -3.39     1.70
  SINCE SEP 1      0.86                      4.25  -3.39     1.70
  SINCE JAN 1     32.05                     36.53  -4.48    40.27

SNOWFALL (IN)
  YESTERDAY        0.0           0.0  2002  MM     MM
  MONTH TO DATE    0.0                       0.0    0.0
  SINCE SEP 1      0.0                       0.0    0.0
  SINCE JUL 1      0.0                      MM     MM
  SNOW DEPTH       0

DEGREE DAYS
 HEATING
  YESTERDAY        1                         1      0        0
  MONTH TO DATE   11                         3      8        0
  SINCE SEP 1     11                         3      8        0
  SINCE JUL 1     11                         3      8        0

 COOLING
  YESTERDAY        0                         6     -6        9
  MONTH TO DATE  265                       249     16      261
  SINCE SEP 1    265                       249     16      261
  SINCE JAN 1   1807                      1665    142     1756
...................................................................


WIND (MPH)
  HIGHEST WIND SPEED    17   HIGHEST WIND DIRECTION     N (340)
  HIGHEST GUST SPEED    22   HIGHEST GUST DIRECTION     N (340)
  AVERAGE WIND SPEED    10.5


SKY COVER
  POSSIBLE SUNSHINE  MM
  AVERAGE SKY COVER 0.0


WEATHER CONDITIONS
THE FOLLOWING WEATHER WAS RECORDED YESTERDAY.
  NO SIGNIFICANT WEATHER WAS OBSERVED.


RELATIVE HUMIDITY (PERCENT)
 HIGHEST    69           1:00 AM
 LOWEST     38           4:00 PM
 AVERAGE    54

..........................................................


THE ELIZABETH CITY NC CLIMATE NORMALS FOR TODAY
                         NORMAL    RECORD    YEAR
 MAXIMUM TEMPERATURE (F)   79        91      2019
 MINIMUM TEMPERATURE (F)   60        46      1997


SUNRISE AND SUNSET
SEPTEMBER 29 2022.....SUNRISE   6:58 AM EDT   SUNSET   6:51 PM EDT
SEPTEMBER 30 2022.....SUNRISE   6:59 AM EDT   SUNSET   6:50 PM EDT


-  INDICATES NEGATIVE NUMBERS.
R  INDICATES RECORD WAS SET OR TIED.
MM INDICATES DATA IS MISSING.
T  INDICATES TRACE AMOUNT.




$$
