000
CDUS45 KVEF 060825
CLIEED

CLIMATE REPORT
NATIONAL WEATHER SERVICE LAS VEGAS, NV
125 AM PDT THU OCT 06 2022

...................................

...THE NEEDLES CA CLIMATE SUMMARY FOR OCTOBER 5 2022...

CLIMATE NORMAL PERIOD: 1991 TO 2020
CLIMATE RECORD PERIOD: 1888 TO 2022


WEATHER ITEM   OBSERVED TIME   RECORD YEAR NORMAL DEPARTURE LAST
                VALUE   (LST)  VALUE       VALUE  FROM      YEAR
                                                  NORMAL
...................................................................
TEMPERATURE (F)
 YESTERDAY
  MAXIMUM         99   4:22 PM 112    1917  94      5       84
  MINIMUM         71   6:08 AM  40    1909  69      2       67
  AVERAGE         85                        82      3       76

PRECIPITATION (IN)
  YESTERDAY        0.00          1.97 1925   0.00   0.00      T
  MONTH TO DATE    0.01                      0.03  -0.02      T
  SINCE OCT 1      0.01                      0.03  -0.02      T
  SINCE JAN 1      2.31                      3.35  -1.04     0.69

DEGREE DAYS
 HEATING
  YESTERDAY        0                         0      0        0
  MONTH TO DATE    0                         0      0        0
  SINCE SEP 1      0                         0      0        0
  SINCE JUL 1      0                         0      0        0

 COOLING
  YESTERDAY       20                        17      3       11
  MONTH TO DATE  109                        89     20       76
  SINCE SEP 1    913                       837     76      855
  SINCE JAN 1   4866                      4687    179     4866
...................................................................


WIND (MPH)
  RESULTANT WIND SPEED   3   RESULTANT WIND DIRECTION  NW (300)
  HIGHEST WIND SPEED    14   HIGHEST WIND DIRECTION     N (360)
  HIGHEST GUST SPEED    18   HIGHEST GUST DIRECTION     N (360)
  AVERAGE WIND SPEED     5.1


SKY COVER
  AVERAGE SKY COVER 0.0


WEATHER CONDITIONS
THE FOLLOWING WEATHER WAS RECORDED YESTERDAY.
  NO SIGNIFICANT WEATHER WAS OBSERVED.


RELATIVE HUMIDITY (PERCENT)
 HIGHEST    39           6:00 AM
 LOWEST     10           5:00 PM
 AVERAGE    25

..........................................................


THE NEEDLES CA CLIMATE NORMALS FOR TODAY
                         NORMAL    RECORD    YEAR
 MAXIMUM TEMPERATURE (F)   94       106      1980
                                             1987
 MINIMUM TEMPERATURE (F)   69        40      1915


SUNRISE AND SUNSET
OCTOBER  6 2022.......SUNRISE   6:37 AM PDT   SUNSET   6:15 PM PDT
OCTOBER  7 2022.......SUNRISE   6:38 AM PDT   SUNSET   6:14 PM PDT


-  INDICATES NEGATIVE NUMBERS.
R  INDICATES RECORD WAS SET OR TIED.
MM INDICATES DATA IS MISSING.
T  INDICATES TRACE AMOUNT.




$$
