000
CDUS45 KGJT 010748
CLIEEO

CLIMATE REPORT
NATIONAL WEATHER SERVICE GRAND JUNCTION CO
148 AM MDT SAT OCT 01 2022

...................................

...THE MEEKER CO CLIMATE SUMMARY FOR SEPTEMBER 30 2022...

CLIMATE NORMAL PERIOD 1991 TO 2020
CLIMATE RECORD PERIOD 9999 TO 9999


WEATHER ITEM   OBSERVED TIME   RECORD YEAR NORMAL DEPARTURE LAST
                VALUE   (LST)  VALUE       VALUE  FROM      YEAR
                                                  NORMAL
...................................................................
TEMPERATURE (F)
 YESTERDAY
  MAXIMUM         60    851 AM  MM      MM  70    -10       56
  MINIMUM         43   1159 PM  MM      MM  35      8       42
  AVERAGE         52                        53     -1       49

PRECIPITATION (IN)
  YESTERDAY       MM            MM      MM   0.05  MM        0.00
  MONTH TO DATE    1.85                      1.68   0.17     1.78
  SINCE SEP 1      1.85                      1.68   0.17     1.78
  SINCE JAN 1     10.70                     11.64  -0.94     9.57

SNOWFALL (IN)
  YESTERDAY       MM            MM      MM  MM     MM       MM
  MONTH TO DATE   MM                        MM     MM       MM
  SINCE SEP 1     MM                        MM     MM       MM
  SINCE JUL 1     MM                        MM     MM       MM
  SNOW DEPTH      MM

DEGREE DAYS
 HEATING
  YESTERDAY       13                        12      1       16
  MONTH TO DATE  162                       204    -42      179
  SINCE SEP 1    162                       204    -42      179
  SINCE JUL 1    174                       238    -64      215

 COOLING
  YESTERDAY        0                         0      0        0
  MONTH TO DATE   25                         9     16        3
  SINCE SEP 1     25                         9     16        3
  SINCE JAN 1    293                       244     49      319
...................................................................


WIND (MPH)
  HIGHEST WIND SPEED    31   HIGHEST WIND DIRECTION     S (170)
  HIGHEST GUST SPEED    47   HIGHEST GUST DIRECTION     S (170)
  AVERAGE WIND SPEED     5.9


SKY COVER
  POSSIBLE SUNSHINE  MM
  AVERAGE SKY COVER 0.9


WEATHER CONDITIONS
THE FOLLOWING WEATHER WAS RECORDED YESTERDAY.
  HEAVY RAIN
  RAIN
  LIGHT RAIN
  FOG


RELATIVE HUMIDITY (PERCENT)
 HIGHEST    93           200 PM
 LOWEST     60           900 AM
 AVERAGE    77

..........................................................


THE MEEKER CO CLIMATE NORMALS FOR TODAY
                         NORMAL    RECORD    YEAR
 MAXIMUM TEMPERATURE (F)   69        MM        MM
 MINIMUM TEMPERATURE (F)   35        MM        MM


SUNRISE AND SUNSET
OCTOBER  1 2022.......SUNRISE   708 AM MDT   SUNSET   654 PM MDT
OCTOBER  2 2022.......SUNRISE   709 AM MDT   SUNSET   652 PM MDT


-  INDICATES NEGATIVE NUMBERS.
R  INDICATES RECORD WAS SET OR TIED.
MM INDICATES DATA IS MISSING.
T  INDICATES TRACE AMOUNT.




$$
