000
CDUS44 KBMX 260748
CLIEET

CLIMATE REPORT
NATIONAL WEATHER SERVICE BIRMINGHAM AL
248 AM CDT MON SEP 26 2022

...................................

...THE SHELBY COUNTY AIRPORT CLIMATE SUMMARY FOR SEPTEMBER 25 2022...

CLIMATE NORMAL PERIOD 1991 TO 2020
CLIMATE RECORD PERIOD 9999 TO 9999


WEATHER ITEM   OBSERVED TIME   RECORD YEAR NORMAL DEPARTURE LAST
                VALUE   (LST)  VALUE       VALUE  FROM      YEAR
                                                  NORMAL
...................................................................
TEMPERATURE (F)
 YESTERDAY
  MAXIMUM         82    320 PM  MM      MM  84     -2       79
  MINIMUM         65    314 AM  MM      MM  63      2       54
  AVERAGE         74                        73      1       67

PRECIPITATION (IN)
  YESTERDAY        T                         0.12  -0.12     0.00
  MONTH TO DATE    3.73                      2.98   0.75     3.13
  SINCE SEP 1      3.73                      2.98   0.75     3.13
  SINCE JAN 1     55.89                     42.94  12.95    60.87

DEGREE DAYS
 HEATING
  YESTERDAY        0                         0      0        0
  MONTH TO DATE    0                         0      0        3
  SINCE SEP 1      0                         0      0        3
  SINCE JUL 1      0                         0      0        3

 COOLING
  YESTERDAY        9                         8      1        2
  MONTH TO DATE  285                       290     -5      256
  SINCE SEP 1    285                       290     -5      256
  SINCE JAN 1   2210                      2025    185     1821
...................................................................


WIND (MPH)
  HIGHEST WIND SPEED    10   HIGHEST WIND DIRECTION    NW (310)
  HIGHEST GUST SPEED    13   HIGHEST GUST DIRECTION    NW (310)
  AVERAGE WIND SPEED     2.0


SKY COVER
  POSSIBLE SUNSHINE  MM
  AVERAGE SKY COVER 0.2


WEATHER CONDITIONS
THE FOLLOWING WEATHER WAS RECORDED YESTERDAY.
  FOG


RELATIVE HUMIDITY (PERCENT)
 HIGHEST    90          1000 PM
 LOWEST     58           400 PM
 AVERAGE    74

..........................................................


THE SHELBY COUNTY AIRPORT CLIMATE NORMALS FOR TODAY
                         NORMAL    RECORD    YEAR
 MAXIMUM TEMPERATURE (F)   83        MM        MM
 MINIMUM TEMPERATURE (F)   62        MM        MM


SUNRISE AND SUNSET
SEPTEMBER 26 2022.....SUNRISE   638 AM CDT   SUNSET   638 PM CDT
SEPTEMBER 27 2022.....SUNRISE   639 AM CDT   SUNSET   637 PM CDT


-  INDICATES NEGATIVE NUMBERS.
R  INDICATES RECORD WAS SET OR TIED.
MM INDICATES DATA IS MISSING.
T  INDICATES TRACE AMOUNT.




$$
