000
CDUS46 KEKA 291204
CLIEKA

CLIMATE REPORT
NATIONAL WEATHER SERVICE EUREKA CA
504 AM PDT THU SEP 29 2022

...................................

...THE EUREKA CA CLIMATE SUMMARY FOR SEPTEMBER 28 2022...

CLIMATE NORMAL PERIOD: 1991 TO 2020
CLIMATE RECORD PERIOD: 1886 TO 2022


WEATHER ITEM   OBSERVED RECORD YEAR NORMAL DEPARTURE LAST
                VALUE   VALUE       VALUE  FROM      YEAR
                                           NORMAL
............................................................
TEMPERATURE (F)
 YESTERDAY
  MAXIMUM         66     87    2020  64      2       62
  MINIMUM         51     42    1999  49      2       44
  AVERAGE         59                 56      3       53

PRECIPITATION (IN)
  YESTERDAY        0.04   0.72 1977   0.04   0.00     0.00
  MONTH TO DATE    0.43               0.61  -0.18     1.24
  SINCE OCT 1     26.78              40.33 -13.55    25.77
  SINCE JAN 1     12.66              25.03 -12.37    18.85

SNOWFALL (IN)
  YESTERDAY        0.0   MM      MM   0.0    0.0      0.0
  MONTH TO DATE    0.0                0.0    0.0      0.0
  SINCE SEP 1      0.0                0.0    0.0      0.0
  SINCE JUL 1      0.0                0.0    0.0      0.0
  SNOW DEPTH       0

DEGREE DAYS
 HEATING
  YESTERDAY        6                  9     -3       12
  MONTH TO DATE  166                216    -50      242
  SINCE SEP 1    166                216    -50      242
  SINCE JUL 1    501                643   -142      720

 COOLING
  YESTERDAY        0                  0      0        0
  MONTH TO DATE    0                  0      0        0
  SINCE SEP 1      0                  0      0        0
  SINCE JAN 1      1                  1      0        0
............................................................


WIND (MPH)
  HIGHEST WIND SPEED     6   HIGHEST WIND DIRECTION    NW (330)
  HIGHEST GUST SPEED     7   HIGHEST GUST DIRECTION     N (0)
  AVERAGE WIND SPEED     1.6


SKY COVER
  AVERAGE SKY COVER 0.9


WEATHER CONDITIONS
THE FOLLOWING WEATHER WAS RECORDED YESTERDAY.
  LIGHT RAIN
  FOG
  FOG W/VISIBILITY <= 1/4 MILE

..........................................................


THE EUREKA CA CLIMATE NORMALS FOR TODAY
                         NORMAL    RECORD    YEAR
 MAXIMUM TEMPERATURE (F)   63        77      1966
 MINIMUM TEMPERATURE (F)   49        41      2007


SUNRISE AND SUNSET
SEPTEMBER 29 2022.....SUNRISE   7:11 AM PDT   SUNSET   7:02 PM PDT
SEPTEMBER 30 2022.....SUNRISE   7:12 AM PDT   SUNSET   7:00 PM PDT


-  INDICATES NEGATIVE NUMBERS.
R  INDICATES RECORD WAS SET OR TIED.
MM INDICATES DATA IS MISSING.
T  INDICATES TRACE AMOUNT.




$$
