000
CDUS41 KRLX 290729
CLIEKN

CLIMATE REPORT
NATIONAL WEATHER SERVICE CHARLESTON WV
329 AM EDT THU SEP 29 2022

...................................

...THE ELKINS WV CLIMATE SUMMARY FOR SEPTEMBER 28 2022...

CLIMATE NORMAL PERIOD: 1991 TO 2020
CLIMATE RECORD PERIOD: 1899 TO 2022


WEATHER ITEM   OBSERVED TIME   RECORD YEAR NORMAL DEPARTURE LAST
                VALUE   (LST)  VALUE       VALUE  FROM      YEAR
                                                  NORMAL
...................................................................
TEMPERATURE (F)
 YESTERDAY
  MAXIMUM         56  12:21 PM  85    1945  73    -17       75
                                      1959
  MINIMUM         38   4:12 AM  27    1957  47     -9       52
  AVERAGE         47                        60    -13       64

PRECIPITATION (IN)
  YESTERDAY        0.01          2.68 1967   0.11  -0.10      T
  MONTH TO DATE    2.05                      3.27  -1.22     5.43
  SINCE SEP 1      2.05                      3.27  -1.22     5.43
  SINCE JAN 1     45.62                     37.45   8.17    32.02

SNOWFALL (IN)
  YESTERDAY        0.0           0.0  2016   0.0    0.0      0.0
  MONTH TO DATE    0.0                       0.0    0.0      0.0
  SINCE SEP 1      0.0                       0.0    0.0      0.0
  SINCE JUL 1      0.0                       0.0    0.0      0.0
  SNOW DEPTH       0

DEGREE DAYS
 HEATING
  YESTERDAY       18                         6     12        1
  MONTH TO DATE   87                        82      5       63
  SINCE SEP 1     87                        82      5       63
  SINCE JUL 1     87                        98    -11       66

 COOLING
  YESTERDAY        0                         1     -1        0
  MONTH TO DATE   58                        67     -9       70
  SINCE SEP 1     58                        67     -9       70
  SINCE JAN 1    640                       609     31      705
...................................................................


WIND (MPH)
  HIGHEST WIND SPEED    10   HIGHEST WIND DIRECTION     N (350)
  HIGHEST GUST SPEED    13   HIGHEST GUST DIRECTION     N (350)
  AVERAGE WIND SPEED     2.1


SKY COVER
  AVERAGE SKY COVER 0.9


WEATHER CONDITIONS
THE FOLLOWING WEATHER WAS RECORDED YESTERDAY.
  LIGHT RAIN
  FOG
  FOG W/VISIBILITY <= 1/4 MILE


RELATIVE HUMIDITY (PERCENT)
 HIGHEST    97
 LOWEST     64
 AVERAGE    81

..........................................................


THE ELKINS WV CLIMATE NORMALS FOR TODAY
                         NORMAL    RECORD    YEAR
 MAXIMUM TEMPERATURE (F)   72        90      1953
 MINIMUM TEMPERATURE (F)   46        26      1942


SUNRISE AND SUNSET
SEPTEMBER 29 2022.....SUNRISE   7:13 AM EDT   SUNSET   7:05 PM EDT
SEPTEMBER 30 2022.....SUNRISE   7:14 AM EDT   SUNSET   7:04 PM EDT


-  INDICATES NEGATIVE NUMBERS.
R  INDICATES RECORD WAS SET OR TIED.
MM INDICATES DATA IS MISSING.
T  INDICATES TRACE AMOUNT.




$$
