000
CDUS45 KLKN 010027
CLIEKO

CLIMATE REPORT
NATIONAL WEATHER SERVICE ELKO, NV
527 PM PDT FRI SEP 30 2022

...................................

...THE ELKO AIRPORT NV CLIMATE SUMMARY FOR SEPTEMBER 30 2022...
VALID TODAY AS OF 0500 PM LOCAL TIME.

CLIMATE NORMAL PERIOD 1991 TO 2020
CLIMATE RECORD PERIOD 1888 TO 2022


WEATHER ITEM   OBSERVED TIME   RECORD YEAR NORMAL DEPARTURE LAST
                VALUE   (LST)  VALUE       VALUE  FROM      YEAR
                                                  NORMAL
...................................................................
TEMPERATURE (F)
 TODAY
  MAXIMUM         72    317 PM  91    2010  73     -1       70
  MINIMUM         35    450 AM  17    1889  35      0       25
                                      1954
  AVERAGE         54                        54      0       48

PRECIPITATION (IN)
  TODAY            0.00          0.58 1982   0.02  -0.02     0.00
  MONTH TO DATE    0.57                      0.59  -0.02     0.17
  SINCE OCT 1      8.52                      9.99  -1.47     7.32
  SINCE JAN 1      4.04                      7.17  -3.13     5.93

SNOWFALL (IN)
  TODAY            0.0           2.0  1982   0.0    0.0      0.0
  MONTH TO DATE    0.0                       0.0    0.0      0.0
  SINCE SEP 1      0.0                       0.0    0.0      0.0
  SINCE JUL 1      0.0                       0.0    0.0      0.0
  SNOW DEPTH       0

DEGREE DAYS
 HEATING
  TODAY           11                        11      0       17
  MONTH TO DATE   99                       171    -72      132
  SINCE SEP 1     99                       171    -72      132
  SINCE JUL 1    102                       209   -107      149

 COOLING
  TODAY            0                         0      0        0
  MONTH TO DATE  107                        31     76       39
  SINCE SEP 1    107                        31     76       39
  SINCE JAN 1    740                       493    247      810
...................................................................


WIND (MPH)
  HIGHEST WIND SPEED    13   HIGHEST WIND DIRECTION    NW (310)
  HIGHEST GUST SPEED    23   HIGHEST GUST DIRECTION    SW (240)


WEATHER CONDITIONS
THE FOLLOWING WEATHER WAS RECORDED TODAY.
  NO SIGNIFICANT WEATHER WAS OBSERVED.


RELATIVE HUMIDITY (PERCENT)
 HIGHEST    70           300 AM
 LOWEST     23           300 PM
 AVERAGE    47

..........................................................


THE ELKO AIRPORT NV CLIMATE NORMALS FOR TOMORROW
                         NORMAL    RECORD    YEAR
 MAXIMUM TEMPERATURE (F)   73        92      2010
 MINIMUM TEMPERATURE (F)   35        10      1898


SUNRISE AND SUNSET
SEPTEMBER 30 2022.....SUNRISE   639 AM PDT   SUNSET   627 PM PDT
OCTOBER  1 2022.......SUNRISE   640 AM PDT   SUNSET   625 PM PDT


-  INDICATES NEGATIVE NUMBERS.
R  INDICATES RECORD WAS SET OR TIED.
MM INDICATES DATA IS MISSING.
T  INDICATES TRACE AMOUNT.




$$
