000
CDUS44 KSHV 260745
CLIELD

CLIMATE REPORT
NATIONAL WEATHER SERVICE SHREVEPORT, LA
245 AM CDT MON SEP 26 2022

...................................

...THE EL DORADO CLIMATE SUMMARY FOR SEPTEMBER 25 2022...

CLIMATE NORMAL PERIOD: 1991 TO 2020
CLIMATE RECORD PERIOD: 1907 TO 2022


WEATHER ITEM   OBSERVED TIME   RECORD YEAR NORMAL DEPARTURE LAST
                VALUE   (LST)  VALUE       VALUE  FROM      YEAR
                                                  NORMAL
...................................................................
TEMPERATURE (F)
 YESTERDAY
  MAXIMUM         94   2:30 PM  99    1931  86      8       86
  MINIMUM         65   6:03 AM  44    1965  60      5       52
  AVERAGE         80                        73      7       69

PRECIPITATION (IN)
  YESTERDAY        0.50          2.45 1974   0.11   0.39     0.00
  MONTH TO DATE    1.85                      2.68  -0.83     0.55
  SINCE SEP 1      1.85                      2.68  -0.83     0.55
  SINCE JAN 1     38.08                     37.55   0.53    40.36

SNOWFALL (IN)
  YESTERDAY        0.0
  MONTH TO DATE    0.0
  SINCE SEP 1      0.0
  SINCE JUL 1      0.0
  SNOW DEPTH       0

DEGREE DAYS
 HEATING
  YESTERDAY        0                         0      0        0
  MONTH TO DATE    0                         0      0        0
  SINCE SEP 1      0                         0      0        0
  SINCE JUL 1      0                         0      0        0

 COOLING
  YESTERDAY       15                         8      7        4
  MONTH TO DATE  297                       294      3      265
  SINCE SEP 1    297                       294      3      265
  SINCE JAN 1   2247                      2129    118     1980
...................................................................


WIND (MPH)
  HIGHEST WIND SPEED    20   HIGHEST WIND DIRECTION    NW (320)
  HIGHEST GUST SPEED    27   HIGHEST GUST DIRECTION    NW (320)
  AVERAGE WIND SPEED     4.6


SKY COVER
  POSSIBLE SUNSHINE  MM
  AVERAGE SKY COVER 0.1


WEATHER CONDITIONS
THE FOLLOWING WEATHER WAS RECORDED YESTERDAY.
  THUNDERSTORM
  HEAVY RAIN
  LIGHT RAIN
  FOG


RELATIVE HUMIDITY (PERCENT)
 HIGHEST   100          12:00 AM
 LOWEST     49           2:00 PM
 AVERAGE    75

..........................................................


THE EL DORADO CLIMATE NORMALS FOR TODAY
                         NORMAL    RECORD    YEAR
 MAXIMUM TEMPERATURE (F)   85       101      1930
 MINIMUM TEMPERATURE (F)   60        42      2001


SUNRISE AND SUNSET
SEPTEMBER 26 2022.....SUNRISE   7:02 AM CDT   SUNSET   7:02 PM CDT
SEPTEMBER 27 2022.....SUNRISE   7:03 AM CDT   SUNSET   7:01 PM CDT


-  INDICATES NEGATIVE NUMBERS.
R  INDICATES RECORD WAS SET OR TIED.
MM INDICATES DATA IS MISSING.
T  INDICATES TRACE AMOUNT.




$$
