000
CDUS46 KPDT 020830
CLIELN

CLIMATE REPORT
NATIONAL WEATHER SERVICE PENDLETON, OR
130 AM PDT SUN OCT 02 2022

...................................

...THE ELLENSBURG WA CLIMATE SUMMARY FOR OCTOBER 1 2022...

CLIMATE NORMAL PERIOD 1991 TO 2020
CLIMATE RECORD PERIOD 1940 TO 2022


WEATHER ITEM   OBSERVED TIME   RECORD YEAR NORMAL DEPARTURE LAST
                VALUE   (LST)  VALUE       VALUE  FROM      YEAR
                                                  NORMAL
...................................................................
TEMPERATURE (F)
 YESTERDAY
  MAXIMUM         80    342 PM  86    2012  71      9       68
  MINIMUM         47    617 AM  25    1950  42      5       38
  AVERAGE         64                        57      7       53

PRECIPITATION (IN)
  YESTERDAY        0.00          0.05 2000   0.02  -0.02     0.00
  MONTH TO DATE    0.00                      0.02  -0.02     0.00
  SINCE OCT 1      0.00                      0.02  -0.02     0.00
  SINCE JAN 1      5.56                      5.76  -0.20     3.42

DEGREE DAYS
 HEATING
  YESTERDAY        1                         9     -8       12
  MONTH TO DATE    1                         9     -8       12
  SINCE SEP 1     45                       142    -97      149
  SINCE JUL 1     47                       170   -123      172

 COOLING
  YESTERDAY        0                         0      0        0
  MONTH TO DATE    0                         0      0        0
  SINCE SEP 1     65                        48     17       31
  SINCE JAN 1    763                       578    185      879
...................................................................


WIND (MPH)
  RESULTANT WIND SPEED   1   RESULTANT WIND DIRECTION   E (110)
  HIGHEST WIND SPEED    12   HIGHEST WIND DIRECTION    SW (240)
  HIGHEST GUST SPEED    17   HIGHEST GUST DIRECTION    SE (150)


SKY COVER
  POSSIBLE SUNSHINE  MM
  AVERAGE SKY COVER 0.0


WEATHER CONDITIONS
THE FOLLOWING WEATHER WAS RECORDED YESTERDAY.
  HAZE


RELATIVE HUMIDITY (PERCENT)
 HIGHEST    90
 LOWEST     33
 AVERAGE    62

..........................................................


THE ELLENSBURG WA CLIMATE NORMALS FOR TODAY
                         NORMAL    RECORD    YEAR
 MAXIMUM TEMPERATURE (F)   70        85      1943
 MINIMUM TEMPERATURE (F)   42        27      1954


SUNRISE AND SUNSET
OCTOBER  2 2022.......SUNRISE   702 AM PDT   SUNSET   639 PM PDT
OCTOBER  3 2022.......SUNRISE   704 AM PDT   SUNSET   637 PM PDT


-  INDICATES NEGATIVE NUMBERS.
R  INDICATES RECORD WAS SET OR TIED.
MM INDICATES DATA IS MISSING.
T  INDICATES TRACE AMOUNT.




$$
