000
CDUS44 KEPZ 052334
CLIELP

CLIMATE REPORT
NATIONAL WEATHER SERVICE EL PASO TX/SANTA TERESA NM
534 PM MDT WED OCT 05 2022

...................................

...THE EL PASO CLIMATE SUMMARY FOR OCTOBER 5 2022...
VALID TODAY AS OF 0500 PM LOCAL TIME.

CLIMATE NORMAL PERIOD 1991 TO 2020
CLIMATE RECORD PERIOD 1879 TO 2022


WEATHER ITEM   OBSERVED TIME   RECORD YEAR NORMAL DEPARTURE LAST
                VALUE   (LST)  VALUE       VALUE  FROM      YEAR
                                                  NORMAL
...................................................................
TEMPERATURE (F)
 TODAY
  MAXIMUM         81    324 PM  96    1994  83     -2       86
  MINIMUM         61    635 AM  36    1880  58      3       60

PRECIPITATION (IN)
  TODAY            0.04                      0.02   0.02     0.00
  MONTH TO DATE    0.28                      0.11   0.17      T
  SINCE SEP 1      1.93                      1.63   0.30     0.47
  SINCE JAN 1      6.83                      7.24  -0.41    11.10

SNOWFALL (IN)
  TODAY            0.0                                       0.0
  MONTH TO DATE    0.0                                       0.0
  SINCE JUL 1      0.0                                       0.0

...................................................................


WIND (MPH)
  HIGHEST WIND SPEED     8   HIGHEST WIND DIRECTION    SE (140)
  HIGHEST GUST SPEED    10   HIGHEST GUST DIRECTION    SE (130)


SKY COVER
  AVERAGE SKY COVER 0.7


WEATHER CONDITIONS
THE FOLLOWING WEATHER WAS RECORDED TODAY.
  LIGHT RAIN
  FOG


RELATIVE HUMIDITY (PERCENT)
 HIGHEST    90           500 AM
 LOWEST     34           400 PM

..........................................................


THE EL PASO CLIMATE NORMALS FOR TOMORROW
                         NORMAL    RECORD    YEAR
 MAXIMUM TEMPERATURE (F)   83        94      1979
                                             2020
 MINIMUM TEMPERATURE (F)   58        40      1880


SUNRISE AND SUNSET
OCTOBER  5 2022.......SUNRISE   702 AM MDT   SUNSET   645 PM MDT
OCTOBER  6 2022.......SUNRISE   703 AM MDT   SUNSET   644 PM MDT


-  INDICATES NEGATIVE NUMBERS.
R  INDICATES RECORD WAS SET OR TIED.
MM INDICATES DATA IS MISSING.
T  INDICATES TRACE AMOUNT.




$$
