000
CDUS45 KLKN 060945
CLIELY

CLIMATE REPORT
NATIONAL WEATHER SERVICE ELKO, NV
245 AM PDT THU OCT 06 2022

...................................

...THE ELY AIRPORT NV CLIMATE SUMMARY FOR OCTOBER 5 2022...

CLIMATE NORMAL PERIOD 1991 TO 2020
CLIMATE RECORD PERIOD 1893 TO 2022


WEATHER ITEM   OBSERVED TIME   RECORD YEAR NORMAL DEPARTURE LAST
                VALUE   (LST)  VALUE       VALUE  FROM      YEAR
                                                  NORMAL
...................................................................
TEMPERATURE (F)
 YESTERDAY
  MAXIMUM         73    430 PM  81    1964  69      4       69
                                      2020
  MINIMUM         33    629 AM  13    1995  32      1       38
                                      2009
  AVERAGE         53                        50      3       54

PRECIPITATION (IN)
  YESTERDAY        0.00          0.70 2011   0.03  -0.03     0.00
  MONTH TO DATE    0.00                      0.12  -0.12     0.00
  SINCE OCT 1      0.00                      0.12  -0.12     0.00
  SINCE JAN 1      5.74                      7.43  -1.69     5.39

SNOWFALL (IN)
  YESTERDAY        0.0           3.5  2007   0.1   -0.1      0.0
  MONTH TO DATE    0.0                       0.2   -0.2      0.0
  SINCE SEP 1      0.0                       0.4   -0.4      0.0
  SINCE JUL 1      0.0                       0.4   -0.4      0.0
  SNOW DEPTH       0

DEGREE DAYS
 HEATING
  YESTERDAY       12                        15     -3       11
  MONTH TO DATE   59                        69    -10       64
  SINCE SEP 1    188                       279    -91      225
  SINCE JUL 1    190                       321   -131      266

 COOLING
  YESTERDAY        0                         0      0        0
  MONTH TO DATE    0                         0      0        0
  SINCE SEP 1     72                        12     60       24
  SINCE JAN 1    497                       300    197      464
...................................................................


WIND (MPH)
  HIGHEST WIND SPEED    15   HIGHEST WIND DIRECTION     S (180)
  HIGHEST GUST SPEED    19   HIGHEST GUST DIRECTION     S (170)
  AVERAGE WIND SPEED     8.2


WEATHER CONDITIONS
THE FOLLOWING WEATHER WAS RECORDED YESTERDAY.
  NO SIGNIFICANT WEATHER WAS OBSERVED.


RELATIVE HUMIDITY (PERCENT)
 HIGHEST    72           600 AM
 LOWEST     17           100 PM
 AVERAGE    45

..........................................................


THE ELY AIRPORT NV CLIMATE NORMALS FOR TODAY
                         NORMAL    RECORD    YEAR
 MAXIMUM TEMPERATURE (F)   69        83      1979
                                             2020
 MINIMUM TEMPERATURE (F)   31        16      1969
                                             2009


SUNRISE AND SUNSET
OCTOBER  6 2022.......SUNRISE   640 AM PDT   SUNSET   614 PM PDT
OCTOBER  7 2022.......SUNRISE   641 AM PDT   SUNSET   612 PM PDT


-  INDICATES NEGATIVE NUMBERS.
R  INDICATES RECORD WAS SET OR TIED.
MM INDICATES DATA IS MISSING.
T  INDICATES TRACE AMOUNT.




$$
