000
CDUS43 KTOP 020622
CLIEMP

CLIMATE REPORT
NATIONAL WEATHER SERVICE TOPEKA KS
122 AM CDT SUN OCT 02 2022

...................................

...THE EMPORIA KS CLIMATE SUMMARY FOR OCTOBER 1 2022...

CLIMATE NORMAL PERIOD 1991 TO 2020
CLIMATE RECORD PERIOD 9999 TO 9999


WEATHER ITEM   OBSERVED NORMAL DEPARTURE LAST
                VALUE   VALUE  FROM      YEAR
                               NORMAL
................................................
TEMPERATURE (F)
 YESTERDAY
  MAXIMUM         80     75      5       75
  MINIMUM         43     51     -8       58
  AVERAGE         62     63     -1       67

PRECIPITATION (IN)
  YESTERDAY        0.00   0.11  -0.11     0.00
  MONTH TO DATE    0.00   0.11  -0.11     0.00
  SINCE SEP 1      1.06   3.36  -2.30     2.07
  SINCE JAN 1     25.05  28.71  -3.66    24.91

DEGREE DAYS
 HEATING
  YESTERDAY        3      4     -1        0
  MONTH TO DATE    3      4     -1        0
  SINCE SEP 1     13     52    -39        5
  SINCE JUL 1     13     53    -40        5

 COOLING
  YESTERDAY        0      2     -2        2
  MONTH TO DATE    0      2     -2        2
  SINCE SEP 1    235    170     65      285
  SINCE JAN 1   1814   1400    414     1662
................................................


WIND (MPH)
  HIGHEST WIND SPEED    15   HIGHEST WIND DIRECTION     E (100)
  HIGHEST GUST SPEED    22   HIGHEST GUST DIRECTION     E (90)
  AVERAGE WIND SPEED     6.4


SKY COVER
  AVERAGE SKY COVER 0.0


WEATHER CONDITIONS
THE FOLLOWING WEATHER WAS RECORDED YESTERDAY.
  NO SIGNIFICANT WEATHER WAS OBSERVED.


RELATIVE HUMIDITY (PERCENT)
 HIGHEST    82
 LOWEST     21
 AVERAGE    52

..........................................................


THE EMPORIA KS CLIMATE NORMALS FOR TODAY
                         NORMAL    RECORD    YEAR
 MAXIMUM TEMPERATURE (F)   75        MM        MM
 MINIMUM TEMPERATURE (F)   51        MM        MM


SUNRISE AND SUNSET
OCTOBER  2 2022.......SUNRISE   722 AM CDT   SUNSET   706 PM CDT
OCTOBER  3 2022.......SUNRISE   722 AM CDT   SUNSET   704 PM CDT


-  INDICATES NEGATIVE NUMBERS.
R  INDICATES RECORD WAS SET OR TIED.
MM INDICATES DATA IS MISSING.
T  INDICATES TRACE AMOUNT.




$$
