000
CDUS46 KOTX 050857
CLIEPH

CLIMATE REPORT
NATIONAL WEATHER SERVICE SPOKANE WA
157 AM PDT WED OCT 05 2022

...................................

...THE EPHRATA WA AIRPORT CLIMATE SUMMARY FOR OCTOBER 4 2022...

CLIMATE NORMAL PERIOD 1991 TO 2020
CLIMATE RECORD PERIOD 9999 TO 9999


WEATHER ITEM   OBSERVED TIME   RECORD YEAR NORMAL DEPARTURE LAST
                VALUE   (LST)  VALUE       VALUE  FROM      YEAR
                                                  NORMAL
...................................................................
TEMPERATURE (F)
 YESTERDAY
  MAXIMUM         84R   254 PM  84    2003  70     14       71
  MINIMUM         53    619 AM  28    1981  44      9       46
  AVERAGE         69                        57     12       59

PRECIPITATION (IN)
  YESTERDAY        0.00          0.16 1950   0.01  -0.01     0.00
  MONTH TO DATE    0.00                      0.05  -0.05     0.00
  SINCE OCT 1      0.00                      0.05  -0.05     0.00
  SINCE JAN 1      3.53                      4.98  -1.45     3.44

SNOWFALL (IN)
  YESTERDAY       MM

DEGREE DAYS
 HEATING
  YESTERDAY        0                         8     -8        6
  MONTH TO DATE    0                        30    -30       33
  SINCE SEP 1     24                       124   -100      129
  SINCE JUL 1     24                       137   -113      135

 COOLING
  YESTERDAY        4                         0      4        0
  MONTH TO DATE    9                         0      9        0
  SINCE SEP 1    126                        80     46       52
  SINCE JAN 1   1105                       841    264     1221
...................................................................


WIND (MPH)
  HIGHEST WIND SPEED    12   HIGHEST WIND DIRECTION     N (20)
  HIGHEST GUST SPEED    14   HIGHEST GUST DIRECTION     N (20)
  AVERAGE WIND SPEED     5.0


SKY COVER
  POSSIBLE SUNSHINE  MM
  AVERAGE SKY COVER 0.0


WEATHER CONDITIONS
THE FOLLOWING WEATHER WAS RECORDED YESTERDAY.
  NO SIGNIFICANT WEATHER WAS OBSERVED.


RELATIVE HUMIDITY (PERCENT)
 HIGHEST    69           500 AM
 LOWEST     26           300 PM
 AVERAGE    48

..........................................................


THE EPHRATA WA AIRPORT CLIMATE NORMALS FOR TODAY
                         NORMAL    RECORD    YEAR
 MAXIMUM TEMPERATURE (F)   69        85      1980
 MINIMUM TEMPERATURE (F)   44        33      1982
                                             2018


SUNRISE AND SUNSET
OCTOBER  5 2022.......SUNRISE   703 AM PDT   SUNSET   629 PM PDT
OCTOBER  6 2022.......SUNRISE   704 AM PDT   SUNSET   627 PM PDT


-  INDICATES NEGATIVE NUMBERS.
R  INDICATES RECORD WAS SET OR TIED.
MM INDICATES DATA IS MISSING.
T  INDICATES TRACE AMOUNT.




$$
