000
CDUS41 KCLE 010527
CLIERI

CLIMATE REPORT
NATIONAL WEATHER SERVICE CLEVELAND, OH
127 AM EDT SAT OCT 01 2022

...................................

...THE ERIE PA CLIMATE SUMMARY FOR SEPTEMBER 30 2022...

CLIMATE NORMAL PERIOD 1991 TO 2020
CLIMATE RECORD PERIOD 1873 TO 2022


WEATHER ITEM   OBSERVED TIME   RECORD YEAR NORMAL DEPARTURE LAST
                VALUE   (LST)  VALUE       VALUE  FROM      YEAR
                                                  NORMAL
...................................................................
TEMPERATURE (F)
 YESTERDAY
  MAXIMUM         61    234 PM  86    1881  69     -8       64
  MINIMUM         40    637 AM  37    1888  52    -12       50
                                      1895
                                      1899
  AVERAGE         51                        60     -9       57

PRECIPITATION (IN)
  YESTERDAY        0.00                      0.15  -0.15     0.00
  MONTH TO DATE    8.31                      4.32   3.99     3.55
  SINCE SEP 1      8.31                      4.32   3.99     3.55
  SINCE JAN 1     34.50                     30.68   3.82    27.72

SNOWFALL (IN)
  YESTERDAY        0.0                       0.0    0.0      0.0
  MONTH TO DATE    0.0                       0.0    0.0      0.0
  SINCE SEP 1      0.0                       0.0    0.0      0.0
  SINCE JUL 1      0.0                       0.0    0.0      0.0
  SNOW DEPTH       0

DEGREE DAYS
 HEATING
  YESTERDAY       14                         6      8        8
  MONTH TO DATE   94                        86      8       33
  SINCE SEP 1     94                        86      8       33
  SINCE JUL 1     94                        98     -4       33

 COOLING
  YESTERDAY        0                         1     -1        0
  MONTH TO DATE   78                        90    -12      116
  SINCE SEP 1     78                        90    -12      116
  SINCE JAN 1    744                       739      5     1022
...................................................................


WIND (MPH)
  HIGHEST WIND SPEED    15   HIGHEST WIND DIRECTION    NE (60)
  HIGHEST GUST SPEED    19   HIGHEST GUST DIRECTION    NE (40)
  AVERAGE WIND SPEED     4.9


SKY COVER
  POSSIBLE SUNSHINE  MM
  AVERAGE SKY COVER 0.0


WEATHER CONDITIONS
THE FOLLOWING WEATHER WAS RECORDED YESTERDAY.
  NO SIGNIFICANT WEATHER WAS OBSERVED.


RELATIVE HUMIDITY (PERCENT)
 HIGHEST    93           500 AM
 LOWEST     44           200 PM
 AVERAGE    69

..........................................................


THE ERIE PA CLIMATE NORMALS FOR TODAY
                         NORMAL    RECORD    YEAR
 MAXIMUM TEMPERATURE (F)   68        89      2019
 MINIMUM TEMPERATURE (F)   51        36      1916
                                             1918
                                             1956


SUNRISE AND SUNSET
OCTOBER  1 2022.......SUNRISE   718 AM EDT   SUNSET   702 PM EDT
OCTOBER  2 2022.......SUNRISE   719 AM EDT   SUNSET   700 PM EDT


-  INDICATES NEGATIVE NUMBERS.
R  INDICATES RECORD WAS SET OR TIED.
MM INDICATES DATA IS MISSING.
T  INDICATES TRACE AMOUNT.




$$
