000
CDUS46 KPQR 010223
CLIEUG

CLIMATE REPORT
NATIONAL WEATHER SERVICE PORTLAND OREGON
723 PM PDT FRI SEP 30 2022

...................................

...THE EUGENE OR CLIMATE SUMMARY FOR SEPTEMBER 30 2022...
VALID TODAY AS OF 0700 PM LOCAL TIME.

CLIMATE NORMAL PERIOD 1991 TO 2020
CLIMATE RECORD PERIOD 1892 TO 2022


WEATHER ITEM   OBSERVED TIME   RECORD YEAR NORMAL DEPARTURE LAST
                VALUE   (LST)  VALUE       VALUE  FROM      YEAR
                                                  NORMAL
...................................................................
TEMPERATURE (F)
 TODAY
  MAXIMUM         69    330 PM  88    1975  73     -4       70
                                      1987
  MINIMUM         52    302 AM  32    1983  45      7       49
  AVERAGE         61                        59      2       60

PRECIPITATION (IN)
  TODAY            0.00          1.18 2007   0.07  -0.07     0.01
  MONTH TO DATE    0.13                      1.39  -1.26     2.55
  SINCE OCT 1     38.16                     40.83  -2.67    30.34
  SINCE JAN 1     19.10                     24.47  -5.37    17.04

SNOWFALL (IN)
  TODAY            0.0
  MONTH TO DATE    0.0
  SINCE JUL 1      0.0

DEGREE DAYS
 HEATING
  TODAY            4                         6     -2        5
  MONTH TO DATE   35                       101    -66       59
  SINCE SEP 1     35                       101    -66       59
  SINCE JUL 1     39                       149   -110       75

 COOLING
  TODAY            0                         0      0        0
  MONTH TO DATE   65                        38     27       43
  SINCE SEP 1     65                        38     27       43
  SINCE JAN 1    510                       292    218      601
...................................................................


WIND (MPH)
  HIGHEST WIND SPEED    20   HIGHEST WIND DIRECTION     N (360)
  HIGHEST GUST SPEED    23   HIGHEST GUST DIRECTION     N (350)
  AVERAGE WIND SPEED    10.9


SKY COVER
  POSSIBLE SUNSHINE  MM
  AVERAGE SKY COVER 0.7


WEATHER CONDITIONS
THE FOLLOWING WEATHER WAS RECORDED TODAY.
  FOG
  FOG W/VISIBILITY <= 1/4 MILE
  HAZE


RELATIVE HUMIDITY (PERCENT)
 HIGHEST   100           400 AM
 LOWEST     61           300 PM
 AVERAGE    81

..........................................................


THE EUGENE OR CLIMATE NORMALS FOR TOMORROW
                         NORMAL    RECORD    YEAR
 MAXIMUM TEMPERATURE (F)   72        92      1987
 MINIMUM TEMPERATURE (F)   45        30      1950
                                             1954


SUNRISE AND SUNSET
SEPTEMBER 30 2022.....SUNRISE   710 AM PDT   SUNSET   655 PM PDT
OCTOBER  1 2022.......SUNRISE   711 AM PDT   SUNSET   653 PM PDT


-  INDICATES NEGATIVE NUMBERS.
R  INDICATES RECORD WAS SET OR TIED.
MM INDICATES DATA IS MISSING.
T  INDICATES TRACE AMOUNT.




$$
