000
CDUS43 KPAH 060628
CLIEVV

CLIMATE REPORT
NATIONAL WEATHER SERVICE PADUCAH KY
128 AM CDT THU OCT 06 2022

...................................

...THE EVANSVILLE IN CLIMATE SUMMARY FOR OCTOBER 5 2022...

CLIMATE NORMAL PERIOD 1991 TO 2020
CLIMATE RECORD PERIOD 1896 TO 2022


WEATHER ITEM   OBSERVED TIME   RECORD YEAR NORMAL DEPARTURE LAST
                VALUE   (LST)  VALUE       VALUE  FROM      YEAR
                                                  NORMAL
...................................................................
TEMPERATURE (F)
 YESTERDAY
  MAXIMUM         78    431 PM  91    1897  75      3       81
                                      1951
                                      1954
  MINIMUM         42    704 AM  31    1968  51     -9       60
  AVERAGE         60                        63     -3       71

PRECIPITATION (IN)
  YESTERDAY        0.00          6.50 1910   0.11  -0.11    MM
  MONTH TO DATE    0.00                      0.54  -0.54     0.00
  SINCE SEP 1      6.13                      3.85   2.28     4.82
  SINCE JAN 1     39.19                     37.17   2.02    36.51

SNOWFALL (IN)
  YESTERDAY        0.0           0.0    MM   0.0    0.0      0.0
  MONTH TO DATE    0.0                       0.0    0.0      0.0
  SINCE SEP 1      0.0                       0.0    0.0      0.0
  SINCE JUL 1      0.0                       0.0    0.0      0.0
  SNOW DEPTH       0

DEGREE DAYS
 HEATING
  YESTERDAY        5                         4      1        0
  MONTH TO DATE   18                        20     -2        0
  SINCE SEP 1     61                        54      7       20
  SINCE JUL 1     61                        54      7       20

 COOLING
  YESTERDAY        0                         2     -2        6
  MONTH TO DATE    0                        13    -13       34
  SINCE SEP 1    212                       204      8      248
  SINCE JAN 1   1640                      1497    143     1543
...................................................................


WIND (MPH)
  HIGHEST WIND SPEED     8   HIGHEST WIND DIRECTION    SW (230)
  HIGHEST GUST SPEED    11   HIGHEST GUST DIRECTION     W (250)
  AVERAGE WIND SPEED     1.2


SKY COVER
  AVERAGE SKY COVER 0.0


WEATHER CONDITIONS
THE FOLLOWING WEATHER WAS RECORDED YESTERDAY.
  NO SIGNIFICANT WEATHER WAS OBSERVED.


RELATIVE HUMIDITY (PERCENT)
 HIGHEST    92
 LOWEST     23
 AVERAGE    58

..........................................................


THE EVANSVILLE IN CLIMATE NORMALS FOR TODAY
                         NORMAL    RECORD    YEAR
 MAXIMUM TEMPERATURE (F)   75        90      1941
                                             2007
 MINIMUM TEMPERATURE (F)   51        32      1964


SUNRISE AND SUNSET
OCTOBER  6 2022.......SUNRISE   650 AM CDT   SUNSET   625 PM CDT
OCTOBER  7 2022.......SUNRISE   651 AM CDT   SUNSET   624 PM CDT


-  INDICATES NEGATIVE NUMBERS.
R  INDICATES RECORD WAS SET OR TIED.
MM INDICATES DATA IS MISSING.
T  INDICATES TRACE AMOUNT.




$$
