000
CDUS45 KSLC 260729
CLIEVW

CLIMATE REPORT
NATIONAL WEATHER SERVICE SALT LAKE CITY UT
129 AM MDT MON SEP 26 2022

...................................

...THE EVANSTON WY CLIMATE SUMMARY FOR SEPTEMBER 25 2022...

CLIMATE NORMAL PERIOD 1991 TO 2020
CLIMATE RECORD PERIOD 9999 TO 9999


WEATHER ITEM   OBSERVED TIME   RECORD YEAR NORMAL DEPARTURE LAST
                VALUE   (LST)  VALUE       VALUE  FROM      YEAR
                                                  NORMAL
...................................................................
TEMPERATURE (F)
 YESTERDAY
  MAXIMUM         75    340 PM  MM      MM  66      9       76
  MINIMUM         41    617 AM  MM      MM  40      1       44
  AVERAGE         58                        53      5       60

PRECIPITATION (IN)
  YESTERDAY        0.00         MM      MM   0.03  -0.03     0.00
  MONTH TO DATE    0.47                      0.83  -0.36     0.74
  SINCE OCT 1      8.78                      9.33  -0.55     5.12
  SINCE JAN 1      6.43                      7.40  -0.97     4.60

DEGREE DAYS
 HEATING
  YESTERDAY        7                        12     -5        5
  MONTH TO DATE  109                       200    -91      123
  SINCE SEP 1    109                       200    -91      123
  SINCE JUL 1    113                       284   -171      187

 COOLING
  YESTERDAY        0                         0      0        0
  MONTH TO DATE   75                         5     70       15
  SINCE SEP 1     75                         5     70       15
  SINCE JAN 1    429                       202    227      427
...................................................................


WIND (MPH)
  RESULTANT WIND SPEED   2   RESULTANT WIND DIRECTION   E (70)
  HIGHEST WIND SPEED    14   HIGHEST WIND DIRECTION     N (340)
  HIGHEST GUST SPEED    20   HIGHEST GUST DIRECTION     N (350)
  AVERAGE WIND SPEED     5.5


SKY COVER
  POSSIBLE SUNSHINE  MM
  AVERAGE SKY COVER 0.0


WEATHER CONDITIONS
THE FOLLOWING WEATHER WAS RECORDED YESTERDAY.
  NO SIGNIFICANT WEATHER WAS OBSERVED.


RELATIVE HUMIDITY (PERCENT)
 HIGHEST    49           600 AM
 LOWEST     20           200 PM
 AVERAGE    35

..........................................................


THE EVANSTON WY CLIMATE NORMALS FOR TODAY
                         NORMAL    RECORD    YEAR
 MAXIMUM TEMPERATURE (F)   65        MM        MM
 MINIMUM TEMPERATURE (F)   39        MM        MM


SUNRISE AND SUNSET
SEPTEMBER 26 2022.....SUNRISE   716 AM MDT   SUNSET   714 PM MDT
SEPTEMBER 27 2022.....SUNRISE   717 AM MDT   SUNSET   713 PM MDT


-  INDICATES NEGATIVE NUMBERS.
R  INDICATES RECORD WAS SET OR TIED.
MM INDICATES DATA IS MISSING.
T  INDICATES TRACE AMOUNT.




$$
