000
CDUS42 KMHX 020531
CLIEWN

CLIMATE REPORT
NATIONAL WEATHER SERVICE NEWPORT/MOREHEAD CITY
131 AM EDT SUN OCT 02 2022

...................................

...THE NEW BERN NC CLIMATE SUMMARY FOR OCTOBER 1 2022...

CLIMATE NORMAL PERIOD 1991 TO 2020
CLIMATE RECORD PERIOD 1948 TO 2022


WEATHER ITEM   OBSERVED TIME   RECORD YEAR NORMAL DEPARTURE LAST
                VALUE   (LST)  VALUE       VALUE  FROM      YEAR
                                                  NORMAL
...................................................................
TEMPERATURE (F)
 YESTERDAY
  MAXIMUM         77    355 PM  91    1986  79     -2       80
  MINIMUM         62   1152 PM  39    1946  60      2       56
                                      1997
  AVERAGE         70                        70      0       68

PRECIPITATION (IN)
  YESTERDAY        0.00          1.33 1989   0.15  -0.15     0.00
  MONTH TO DATE    0.00                      0.15  -0.15     0.00
  SINCE SEP 1      1.68                      6.48  -4.80     4.07
  SINCE JAN 1     40.83                     42.64  -1.81    46.60

SNOWFALL (IN)
  YESTERDAY        0.0
  MONTH TO DATE    0.0
  SINCE SEP 1      0.0
  SINCE JUL 1      0.0
  SNOW DEPTH      MM

DEGREE DAYS
 HEATING
  YESTERDAY        0                         1     -1        0
  MONTH TO DATE    0                         1     -1        0
  SINCE SEP 1      7                         6      1        0
  SINCE JUL 1      7                         6      1        0

 COOLING
  YESTERDAY        5                         6     -1        3
  MONTH TO DATE    5                         6     -1        3
  SINCE SEP 1    296                       286     10      282
  SINCE JAN 1   2037                      1803    234     1878
...................................................................


WIND (MPH)
  HIGHEST WIND SPEED    17   HIGHEST WIND DIRECTION    SW (220)
  HIGHEST GUST SPEED    23   HIGHEST GUST DIRECTION    SW (230)
  AVERAGE WIND SPEED     7.1


SKY COVER
  POSSIBLE SUNSHINE  MM
  AVERAGE SKY COVER 0.4


WEATHER CONDITIONS
THE FOLLOWING WEATHER WAS RECORDED YESTERDAY.
  NO SIGNIFICANT WEATHER WAS OBSERVED.


RELATIVE HUMIDITY (PERCENT)
 HIGHEST    93          1100 PM
 LOWEST     52           300 PM
 AVERAGE    73

..........................................................


THE NEW BERN NC CLIMATE NORMALS FOR TODAY
                         NORMAL    RECORD    YEAR
 MAXIMUM TEMPERATURE (F)   79        93      1986
 MINIMUM TEMPERATURE (F)   60        37      1947


SUNRISE AND SUNSET
OCTOBER  2 2022.......SUNRISE   704 AM EDT   SUNSET   651 PM EDT
OCTOBER  3 2022.......SUNRISE   705 AM EDT   SUNSET   649 PM EDT


-  INDICATES NEGATIVE NUMBERS.
R  INDICATES RECORD WAS SET OR TIED.
MM INDICATES DATA IS MISSING.
T  INDICATES TRACE AMOUNT.




$$
